74.7.242.53 - - [22/Jan/2026:12:24:45 +0000] "GET /?path=//proc/self/root/proc/thread-self/root/proc/thread-self/root/proc/thread-self/root/proc/self/root/proc/self/root/proc/self/root/proc/self/root/proc/thread-self/root/var/softaculous/impleo/images HTTP/2" 200 3095 "https://www.infowar.shop/?path=//proc/self/root/proc/thread-self/root/proc/thread-self/root/proc/thread-self/root/proc/self/root/proc/self/root/proc/self/root/proc/self/root/proc/thread-self/root/var/softaculous/impleo" "Mozilla/5.0 AppleWebKit/537.36 (KHTML, like Gecko; compatible; GPTBot/1.3; +https://openai.com/gptbot)"
74.7.227.16 - - [22/Jan/2026:12:24:45 +0000] "GET /items/excerpt/1080756385.htm?path=//proc/thread-self/root/opt/alt/alt-nodejs20/root/lib/node_modules/npm/node_modules.bundled/imurmurhash HTTP/2" 200 3055 "https://infowar.shop/items/excerpt/1080756385.htm?path=//proc/thread-self/root/opt/alt/alt-nodejs20/root/lib/node_modules/npm/node_modules.bundled" "Mozilla/5.0 AppleWebKit/537.36 (KHTML, like Gecko; compatible; GPTBot/1.3; +https://openai.com/gptbot)"
74.7.242.53 - - [22/Jan/2026:12:24:45 +0000] "GET /?path=//proc/self/root/proc/thread-self/root/proc/thread-self/root/proc/thread-self/root/proc/self/root/proc/self/root/proc/self/root/proc/thread-self/root/proc/self/root/proc/self/root/var/softaculous/zenario/images HTTP/2" 200 3118 "https://www.infowar.shop/?path=//proc/self/root/proc/thread-self/root/proc/thread-self/root/proc/thread-self/root/proc/self/root/proc/self/root/proc/self/root/proc/thread-self/root/proc/self/root/proc/self/root/var/softaculous/zenario" "Mozilla/5.0 AppleWebKit/537.36 (KHTML, like Gecko; compatible; GPTBot/1.3; +https://openai.com/gptbot)"
74.7.227.16 - - [22/Jan/2026:12:24:45 +0000] "GET /items/excerpt/1080756385.htm?path=//proc/thread-self/root/opt/alt/alt-nodejs8/root/lib/node_modules/npm/node_modules.bundled/libnpmsearch HTTP/2" 200 3377 "https://infowar.shop/items/excerpt/1080756385.htm?path=//proc/thread-self/root/opt/alt/alt-nodejs8/root/lib/node_modules/npm/node_modules.bundled" "Mozilla/5.0 AppleWebKit/537.36 (KHTML, like Gecko; compatible; GPTBot/1.3; +https://openai.com/gptbot)"
74.7.242.53 - - [22/Jan/2026:12:24:46 +0000] "GET /?path=//proc/self/root/proc/thread-self/root/proc/thread-self/root/proc/thread-self/root/proc/self/root/proc/self/root/proc/self/root/proc/thread-self/root/proc/self/root/var/softaculous/piwigo HTTP/2" 200 3816 "https://www.infowar.shop/?path=//proc/self/root/proc/thread-self/root/proc/thread-self/root/proc/thread-self/root/proc/self/root/proc/self/root/proc/self/root/proc/thread-self/root/proc/self/root/var/softaculous" "Mozilla/5.0 AppleWebKit/537.36 (KHTML, like Gecko; compatible; GPTBot/1.3; +https://openai.com/gptbot)"
74.7.227.16 - - [22/Jan/2026:12:24:46 +0000] "GET /items/excerpt/1080756385.htm?path=//proc/thread-self/root/opt/alt/alt-nodejs20/root/lib/node_modules/npm/node_modules.bundled/libnpmexec HTTP/2" 200 3143 "https://infowar.shop/items/excerpt/1080756385.htm?path=//proc/thread-self/root/opt/alt/alt-nodejs20/root/lib/node_modules/npm/node_modules.bundled" "Mozilla/5.0 AppleWebKit/537.36 (KHTML, like Gecko; compatible; GPTBot/1.3; +https://openai.com/gptbot)"
74.7.242.53 - - [22/Jan/2026:12:24:47 +0000] "GET /?path=//proc/self/root/proc/thread-self/root/proc/thread-self/root/proc/thread-self/root/proc/self/root/proc/self/root/proc/thread-self/root/proc/thread-self/root/proc/self/root/proc/self/root/var/softaculous/kimai HTTP/2" 200 3849 "https://www.infowar.shop/?path=//proc/self/root/proc/thread-self/root/proc/thread-self/root/proc/thread-self/root/proc/self/root/proc/self/root/proc/thread-self/root/proc/thread-self/root/proc/self/root/proc/self/root/var/softaculous" "Mozilla/5.0 AppleWebKit/537.36 (KHTML, like Gecko; compatible; GPTBot/1.3; +https://openai.com/gptbot)"
74.7.227.16 - - [22/Jan/2026:12:24:47 +0000] "GET /?path=//lib64/python3.9/logging/__pycache__ HTTP/2" 200 3081 "https://infowar.shop/?path=//lib64/python3.9/logging" "Mozilla/5.0 AppleWebKit/537.36 (KHTML, like Gecko; compatible; GPTBot/1.3; +https://openai.com/gptbot)"
74.7.227.30 - - [22/Jan/2026:12:24:45 +0000] "GET /?path=//proc/self/root/proc/thread-self/root/proc/thread-self/root/proc/self/root/proc/self/root/proc/thread-self/root/proc/self/root/proc/self/root/proc/self/root/proc/thread-self/root/lib/jvm/jre/legal/jdk.internal.ed HTTP/2" 200 3192 "https://mail.infowar.shop/?path=//proc/self/root/proc/thread-self/root/proc/thread-self/root/proc/self/root/proc/self/root/proc/thread-self/root/proc/self/root/proc/self/root/proc/self/root/proc/thread-self/root/lib/jvm/jre/legal" "Mozilla/5.0 AppleWebKit/537.36 (KHTML, like Gecko; compatible; GPTBot/1.3; +https://openai.com/gptbot)"
74.7.227.30 - - [22/Jan/2026:12:24:45 +0000] "GET /?path=//proc/self/root/proc/thread-self/root/proc/thread-self/root/proc/self/root/proc/thread-self/root/proc/thread-self/root/proc/thread-self/root/proc/self/root/proc/thread-self/root/usr/lib/jvm/jre/legal/jdk.crypto.ec HTTP/2" 200 3172 "https://mail.infowar.shop/?fileloc=//proc/self/root/proc/thread-self/root/proc/thread-self/root/proc/self/root/proc/thread-self/root/proc/thread-self/root/proc/thread-self/root/proc/self/root/proc/thread-self/root/usr/lib/jvm/jre/legal/jdk.crypto.ec/LICENSE&path=//proc/self/root/proc/thread-self/root/proc/thread-self/root/proc/self/root/proc/thread-self/root/proc/thread-self/root/proc/thread-self/root/proc/self/root/proc/thread-self/root/usr/lib/jvm/jre/legal/jdk.crypto.ec" "Mozilla/5.0 AppleWebKit/537.36 (KHTML, like Gecko; compatible; GPTBot/1.3; +https://openai.com/gptbot)"
74.7.227.30 - - [22/Jan/2026:12:24:46 +0000] "GET /?path=//proc/self/root/proc/thread-self/root/proc/thread-self/root/proc/self/root/proc/thread-self/root/proc/thread-self/root/proc/self/root/proc/self/root/proc/self/root/proc/self/root/lib/jvm/jre/legal/jdk.internal.ed HTTP/2" 200 3191 "https://mail.infowar.shop/?path=//proc/self/root/proc/thread-self/root/proc/thread-self/root/proc/self/root/proc/thread-self/root/proc/thread-self/root/proc/self/root/proc/self/root/proc/self/root/proc/self/root/lib/jvm/jre/legal" "Mozilla/5.0 AppleWebKit/537.36 (KHTML, like Gecko; compatible; GPTBot/1.3; +https://openai.com/gptbot)"
74.7.227.30 - - [22/Jan/2026:12:24:46 +0000] "GET /?path=//proc/self/root/proc/thread-self/root/proc/thread-self/root/proc/thread-self/root/proc/self/root/proc/self/root/proc/thread-self/root/proc/self/root/proc/self/root/proc/self/root/lib/jvm/jre/legal/java.management HTTP/2" 200 3191 "https://mail.infowar.shop/?path=//proc/self/root/proc/thread-self/root/proc/thread-self/root/proc/thread-self/root/proc/self/root/proc/self/root/proc/thread-self/root/proc/self/root/proc/self/root/proc/self/root/lib/jvm/jre/legal" "Mozilla/5.0 AppleWebKit/537.36 (KHTML, like Gecko; compatible; GPTBot/1.3; +https://openai.com/gptbot)"
74.7.227.30 - - [22/Jan/2026:12:24:47 +0000] "GET /?path=//proc/self/root/proc/thread-self/root/proc/thread-self/root/proc/self/root/proc/thread-self/root/proc/thread-self/root/proc/self/root/proc/self/root/proc/self/root/proc/self/root/lib/jvm/jre/legal/jdk.internal.opt HTTP/2" 200 3277 "https://mail.infowar.shop/?path=//proc/self/root/proc/thread-self/root/proc/thread-self/root/proc/self/root/proc/thread-self/root/proc/thread-self/root/proc/self/root/proc/self/root/proc/self/root/proc/self/root/lib/jvm/jre/legal" "Mozilla/5.0 AppleWebKit/537.36 (KHTML, like Gecko; compatible; GPTBot/1.3; +https://openai.com/gptbot)"
74.7.227.30 - - [22/Jan/2026:12:24:48 +0000] "GET /?path=//proc/self/root/proc/thread-self/root/proc/thread-self/root/proc/self/root/proc/thread-self/root/proc/thread-self/root/proc/thread-self/root/proc/self/root/proc/thread-self/root/usr/lib/jvm/jre/legal/java.desktop HTTP/2" 200 3584 "https://mail.infowar.shop/?path=//proc/self/root/proc/thread-self/root/proc/thread-self/root/proc/self/root/proc/thread-self/root/proc/thread-self/root/proc/thread-self/root/proc/self/root/proc/thread-self/root/usr/lib/jvm/jre/legal" "Mozilla/5.0 AppleWebKit/537.36 (KHTML, like Gecko; compatible; GPTBot/1.3; +https://openai.com/gptbot)"
74.7.242.53 - - [22/Jan/2026:12:24:47 +0000] "GET /?path=//proc/self/root/proc/thread-self/root/proc/thread-self/root/proc/thread-self/root/proc/self/root/proc/self/root/proc/thread-self/root/proc/thread-self/root/proc/self/root/var/softaculous/alegro/images HTTP/2" 200 3104 "https://www.infowar.shop/?path=//proc/self/root/proc/thread-self/root/proc/thread-self/root/proc/thread-self/root/proc/self/root/proc/self/root/proc/thread-self/root/proc/thread-self/root/proc/self/root/var/softaculous/alegro" "Mozilla/5.0 AppleWebKit/537.36 (KHTML, like Gecko; compatible; GPTBot/1.3; +https://openai.com/gptbot)"
74.7.227.16 - - [22/Jan/2026:12:24:47 +0000] "GET /items/excerpt/1080756385.htm?path=//proc/self/root/opt/alt/alt-nodejs18/root/lib/node_modules/npm/node_modules.bundled/minipass-pipeline HTTP/2" 200 3134 "https://infowar.shop/items/excerpt/1080756385.htm?path=//proc/self/root/opt/alt/alt-nodejs18/root/lib/node_modules/npm/node_modules.bundled" "Mozilla/5.0 AppleWebKit/537.36 (KHTML, like Gecko; compatible; GPTBot/1.3; +https://openai.com/gptbot)"
74.7.242.53 - - [22/Jan/2026:12:24:48 +0000] "GET /?path=//proc/self/root/proc/thread-self/root/proc/thread-self/root/proc/thread-self/root/proc/self/root/proc/self/root/proc/thread-self/root/proc/thread-self/root/proc/thread-self/root/proc/self/root/lib/firmware/tigon HTTP/2" 200 3179 "https://www.infowar.shop/?path=//proc/self/root/proc/thread-self/root/proc/thread-self/root/proc/thread-self/root/proc/self/root/proc/self/root/proc/thread-self/root/proc/thread-self/root/proc/thread-self/root/proc/self/root/lib/firmware" "Mozilla/5.0 AppleWebKit/537.36 (KHTML, like Gecko; compatible; GPTBot/1.3; +https://openai.com/gptbot)"
74.7.227.16 - - [22/Jan/2026:12:24:48 +0000] "GET /items/excerpt/1080756385.htm?path=//proc/self/root/opt/alt/alt-nodejs24/root/usr/lib/node_modules/npm/node_modules.bundled/libnpmversion HTTP/2" 200 3139 "https://infowar.shop/items/excerpt/1080756385.htm?path=//proc/self/root/opt/alt/alt-nodejs24/root/usr/lib/node_modules/npm/node_modules.bundled" "Mozilla/5.0 AppleWebKit/537.36 (KHTML, like Gecko; compatible; GPTBot/1.3; +https://openai.com/gptbot)"
74.7.242.53 - - [22/Jan/2026:12:24:48 +0000] "GET /?path=//proc/self/root/proc/thread-self/root/proc/thread-self/root/proc/thread-self/root/proc/self/root/proc/self/root/proc/thread-self/root/proc/self/root/proc/self/root/proc/thread-self/root/var/softaculous/geeklog HTTP/2" 200 3926 "https://www.infowar.shop/?path=//proc/self/root/proc/thread-self/root/proc/thread-self/root/proc/thread-self/root/proc/self/root/proc/self/root/proc/thread-self/root/proc/self/root/proc/self/root/proc/thread-self/root/var/softaculous" "Mozilla/5.0 AppleWebKit/537.36 (KHTML, like Gecko; compatible; GPTBot/1.3; +https://openai.com/gptbot)"
74.7.227.16 - - [22/Jan/2026:12:24:48 +0000] "GET /?path=//lib64/python3.9/config-3.9-x86_64-linux-gnu/__pycache__ HTTP/2" 200 2942 "https://infowar.shop/?path=//lib64/python3.9/config-3.9-x86_64-linux-gnu" "Mozilla/5.0 AppleWebKit/537.36 (KHTML, like Gecko; compatible; GPTBot/1.3; +https://openai.com/gptbot)"
74.7.242.53 - - [22/Jan/2026:12:24:49 +0000] "GET /?path=//proc/self/root/proc/thread-self/root/proc/thread-self/root/proc/thread-self/root/proc/self/root/proc/self/root/proc/self/root/proc/self/root/proc/self/root/proc/self/root/home/infowars/askalexjones.com HTTP/2" 200 4055 "https://www.infowar.shop/?path=//proc/self/root/proc/thread-self/root/proc/thread-self/root/proc/thread-self/root/proc/self/root/proc/self/root/proc/self/root/proc/self/root/proc/self/root/proc/self/root/home/infowars" "Mozilla/5.0 AppleWebKit/537.36 (KHTML, like Gecko; compatible; GPTBot/1.3; +https://openai.com/gptbot)"
74.7.227.16 - - [22/Jan/2026:12:24:49 +0000] "GET /?path=//lib64/python3.9/unittest/__pycache__ HTTP/2" 200 3787 "https://infowar.shop/?path=//lib64/python3.9/unittest" "Mozilla/5.0 AppleWebKit/537.36 (KHTML, like Gecko; compatible; GPTBot/1.3; +https://openai.com/gptbot)"
74.7.242.53 - - [22/Jan/2026:12:24:50 +0000] "GET /?path=//proc/self/root/proc/thread-self/root/proc/thread-self/root/proc/thread-self/root/proc/self/root/proc/self/root/proc/thread-self/root/proc/self/root/proc/self/root/var/softaculous/orange/images HTTP/2" 200 3095 "https://www.infowar.shop/?path=//proc/self/root/proc/thread-self/root/proc/thread-self/root/proc/thread-self/root/proc/self/root/proc/self/root/proc/thread-self/root/proc/self/root/proc/self/root/var/softaculous/orange" "Mozilla/5.0 AppleWebKit/537.36 (KHTML, like Gecko; compatible; GPTBot/1.3; +https://openai.com/gptbot)"
74.7.227.16 - - [22/Jan/2026:12:24:50 +0000] "GET /items/excerpt/1080756385.htm?path=//proc/self/root/opt/alt/alt-nodejs12/root/lib/node_modules/npm/node_modules.bundled/parallel-transform HTTP/2" 200 3210 "https://infowar.shop/items/excerpt/1080756385.htm?path=//proc/self/root/opt/alt/alt-nodejs12/root/lib/node_modules/npm/node_modules.bundled" "Mozilla/5.0 AppleWebKit/537.36 (KHTML, like Gecko; compatible; GPTBot/1.3; +https://openai.com/gptbot)"
74.7.242.53 - - [22/Jan/2026:12:24:50 +0000] "GET /?path=//proc/self/root/proc/thread-self/root/proc/thread-self/root/proc/thread-self/root/proc/self/root/proc/self/root/proc/self/root/proc/self/root/proc/thread-self/root/usr/lib/tuned/optimize-serial-console HTTP/2" 200 3053 "https://www.infowar.shop/?path=//proc/self/root/proc/thread-self/root/proc/thread-self/root/proc/thread-self/root/proc/self/root/proc/self/root/proc/self/root/proc/self/root/proc/thread-self/root/usr/lib/tuned" "Mozilla/5.0 AppleWebKit/537.36 (KHTML, like Gecko; compatible; GPTBot/1.3; +https://openai.com/gptbot)"
74.7.227.16 - - [22/Jan/2026:12:24:50 +0000] "GET /items/excerpt/1080756385.htm?path=//proc/thread-self/root/opt/alt/alt-nodejs11/root/lib/node_modules/npm/node_modules.bundled/libnpmteam HTTP/2" 200 3448 "https://infowar.shop/items/excerpt/1080756385.htm?path=//proc/thread-self/root/opt/alt/alt-nodejs11/root/lib/node_modules/npm/node_modules.bundled" "Mozilla/5.0 AppleWebKit/537.36 (KHTML, like Gecko; compatible; GPTBot/1.3; +https://openai.com/gptbot)"
74.7.242.53 - - [22/Jan/2026:12:24:51 +0000] "GET /?path=//proc/self/root/proc/thread-self/root/proc/thread-self/root/proc/thread-self/root/proc/self/root/proc/self/root/proc/thread-self/root/proc/self/root/proc/self/root/var/softaculous/zurmo HTTP/2" 200 3890 "https://www.infowar.shop/?path=//proc/self/root/proc/thread-self/root/proc/thread-self/root/proc/thread-self/root/proc/self/root/proc/self/root/proc/thread-self/root/proc/self/root/proc/self/root/var/softaculous" "Mozilla/5.0 AppleWebKit/537.36 (KHTML, like Gecko; compatible; GPTBot/1.3; +https://openai.com/gptbot)"
74.7.227.16 - - [22/Jan/2026:12:24:51 +0000] "GET /items/excerpt/1080756385.htm?path=//proc/self/root/opt/alt/alt-nodejs16/root/lib/node_modules/npm/node_modules.bundled/binary-extensions HTTP/2" 200 3138 "https://infowar.shop/items/excerpt/1080756385.htm?path=//proc/self/root/opt/alt/alt-nodejs16/root/lib/node_modules/npm/node_modules.bundled" "Mozilla/5.0 AppleWebKit/537.36 (KHTML, like Gecko; compatible; GPTBot/1.3; +https://openai.com/gptbot)"
74.7.242.53 - - [22/Jan/2026:12:24:51 +0000] "GET /?path=//proc/self/root/proc/thread-self/root/proc/thread-self/root/proc/thread-self/root/proc/self/root/proc/self/root/proc/thread-self/root/proc/thread-self/root/proc/self/root/var/softaculous/abante/images HTTP/2" 200 3104 "https://www.infowar.shop/?path=//proc/self/root/proc/thread-self/root/proc/thread-self/root/proc/thread-self/root/proc/self/root/proc/self/root/proc/thread-self/root/proc/thread-self/root/proc/self/root/var/softaculous/abante" "Mozilla/5.0 AppleWebKit/537.36 (KHTML, like Gecko; compatible; GPTBot/1.3; +https://openai.com/gptbot)"
74.7.227.30 - - [22/Jan/2026:12:24:48 +0000] "GET /?path=//proc/self/root/proc/thread-self/root/proc/thread-self/root/proc/thread-self/root/proc/self/root/proc/thread-self/root/proc/thread-self/root/proc/self/root/proc/thread-self/root/usr/lib/jvm/jre/legal/java.compiler HTTP/2" 200 3195 "https://mail.infowar.shop/?path=//proc/self/root/proc/thread-self/root/proc/thread-self/root/proc/thread-self/root/proc/self/root/proc/thread-self/root/proc/thread-self/root/proc/self/root/proc/thread-self/root/usr/lib/jvm/jre/legal" "Mozilla/5.0 AppleWebKit/537.36 (KHTML, like Gecko; compatible; GPTBot/1.3; +https://openai.com/gptbot)"
74.7.227.30 - - [22/Jan/2026:12:24:49 +0000] "GET /?path=//proc/self/root/proc/thread-self/root/proc/thread-self/root/proc/self/root/proc/thread-self/root/proc/thread-self/root/proc/self/root/proc/self/root/proc/thread-self/root/usr/lib/jvm/jre/legal/java.management.rmi HTTP/2" 200 3184 "https://mail.infowar.shop/?path=//proc/self/root/proc/thread-self/root/proc/thread-self/root/proc/self/root/proc/thread-self/root/proc/thread-self/root/proc/self/root/proc/self/root/proc/thread-self/root/usr/lib/jvm/jre/legal" "Mozilla/5.0 AppleWebKit/537.36 (KHTML, like Gecko; compatible; GPTBot/1.3; +https://openai.com/gptbot)"
54.225.181.161 - - [22/Jan/2026:12:24:49 +0000] "GET /?fileloc=//lib/node_modules/npm/man/man1/bundle.1.gz&path=//lib/node_modules/npm/man/man1 HTTP/1.1" 200 4458 "-" "Mozilla/5.0 AppleWebKit/537.36 (KHTML, like Gecko; compatible; Amazonbot/0.1; +https://developer.amazon.com/support/amazonbot) Chrome/119.0.6045.214 Safari/537.36"
74.7.227.30 - - [22/Jan/2026:12:24:50 +0000] "GET /?path=//proc/self/root/proc/thread-self/root/proc/thread-self/root/proc/thread-self/root/proc/thread-self/root/proc/self/root/proc/self/root/proc/self/root/proc/self/root/proc/self/root/lib/jvm/jre-openjdk/legal/java.sql HTTP/2" 200 3200 "https://mail.infowar.shop/?path=//proc/self/root/proc/thread-self/root/proc/thread-self/root/proc/thread-self/root/proc/thread-self/root/proc/self/root/proc/self/root/proc/self/root/proc/self/root/proc/self/root/lib/jvm/jre-openjdk/legal" "Mozilla/5.0 AppleWebKit/537.36 (KHTML, like Gecko; compatible; GPTBot/1.3; +https://openai.com/gptbot)"
74.7.227.30 - - [22/Jan/2026:12:24:50 +0000] "GET /?path=//proc/self/root/proc/thread-self/root/proc/thread-self/root/proc/thread-self/root/proc/self/root/proc/self/root/proc/thread-self/root/proc/thread-self/root/proc/self/root/lib/jvm/jre-openjdk/legal/jdk.internal.opt HTTP/2" 200 3243 "https://mail.infowar.shop/?path=//proc/self/root/proc/thread-self/root/proc/thread-self/root/proc/thread-self/root/proc/self/root/proc/self/root/proc/thread-self/root/proc/thread-self/root/proc/self/root/lib/jvm/jre-openjdk/legal" "Mozilla/5.0 AppleWebKit/537.36 (KHTML, like Gecko; compatible; GPTBot/1.3; +https://openai.com/gptbot)"
74.7.227.30 - - [22/Jan/2026:12:24:51 +0000] "GET /?path=//proc/self/root/proc/thread-self/root/proc/thread-self/root/proc/self/root/proc/thread-self/root/proc/thread-self/root/proc/self/root/proc/self/root/proc/self/root/proc/self/root/lib/jvm/jre/legal/jdk.naming.ldap HTTP/2" 200 3192 "https://mail.infowar.shop/?path=//proc/self/root/proc/thread-self/root/proc/thread-self/root/proc/self/root/proc/thread-self/root/proc/thread-self/root/proc/self/root/proc/self/root/proc/self/root/proc/self/root/lib/jvm/jre/legal" "Mozilla/5.0 AppleWebKit/537.36 (KHTML, like Gecko; compatible; GPTBot/1.3; +https://openai.com/gptbot)"
74.7.227.30 - - [22/Jan/2026:12:24:51 +0000] "GET /?path=//proc/self/root/proc/thread-self/root/proc/thread-self/root/proc/self/root/proc/self/root/proc/thread-self/root/proc/thread-self/root/proc/self/root/proc/self/root/proc/self/root/lib/jvm/jre/legal/jdk.internal.ed HTTP/2" 200 3200 "https://mail.infowar.shop/?path=//proc/self/root/proc/thread-self/root/proc/thread-self/root/proc/self/root/proc/self/root/proc/thread-self/root/proc/thread-self/root/proc/self/root/proc/self/root/proc/self/root/lib/jvm/jre/legal" "Mozilla/5.0 AppleWebKit/537.36 (KHTML, like Gecko; compatible; GPTBot/1.3; +https://openai.com/gptbot)"
74.7.227.16 - - [22/Jan/2026:12:24:52 +0000] "GET /items/excerpt/1080756385.htm?path=//proc/thread-self/root/opt/alt/alt-nodejs22/root/lib/node_modules/npm/node_modules.bundled/libnpmfund HTTP/2" 200 3142 "https://infowar.shop/items/excerpt/1080756385.htm?path=//proc/thread-self/root/opt/alt/alt-nodejs22/root/lib/node_modules/npm/node_modules.bundled" "Mozilla/5.0 AppleWebKit/537.36 (KHTML, like Gecko; compatible; GPTBot/1.3; +https://openai.com/gptbot)"
74.7.242.53 - - [22/Jan/2026:12:24:52 +0000] "GET /?path=//proc/self/root/proc/thread-self/root/proc/thread-self/root/proc/thread-self/root/proc/self/root/proc/self/root/proc/self/root/proc/thread-self/root/proc/thread-self/root/var/softaculous/baker/images HTTP/2" 200 3096 "https://www.infowar.shop/?path=//proc/self/root/proc/thread-self/root/proc/thread-self/root/proc/thread-self/root/proc/self/root/proc/self/root/proc/self/root/proc/thread-self/root/proc/thread-self/root/var/softaculous/baker" "Mozilla/5.0 AppleWebKit/537.36 (KHTML, like Gecko; compatible; GPTBot/1.3; +https://openai.com/gptbot)"
74.7.227.16 - - [22/Jan/2026:12:24:52 +0000] "GET /items/excerpt/1080756385.htm?path=//opt/alt/alt-nodejs11/root/usr/lib/node_modules/npm/node_modules.bundled/socks/docs/examples/javascript HTTP/2" 200 3063 "https://infowar.shop/items/excerpt/1080756385.htm?path=//opt/alt/alt-nodejs11/root/usr/lib/node_modules/npm/node_modules.bundled/socks/docs/examples" "Mozilla/5.0 AppleWebKit/537.36 (KHTML, like Gecko; compatible; GPTBot/1.3; +https://openai.com/gptbot)"
74.7.242.53 - - [22/Jan/2026:12:24:53 +0000] "GET /?path=//proc/self/root/proc/thread-self/root/proc/thread-self/root/proc/thread-self/root/proc/self/root/proc/self/root/proc/self/root/proc/thread-self/root/proc/self/root/var/softaculous/piwigo/images HTTP/2" 200 3088 "https://www.infowar.shop/?path=//proc/self/root/proc/thread-self/root/proc/thread-self/root/proc/thread-self/root/proc/self/root/proc/self/root/proc/self/root/proc/thread-self/root/proc/self/root/var/softaculous/piwigo" "Mozilla/5.0 AppleWebKit/537.36 (KHTML, like Gecko; compatible; GPTBot/1.3; +https://openai.com/gptbot)"
74.7.227.16 - - [22/Jan/2026:12:24:53 +0000] "GET /items/excerpt/1080756385.htm?path=//proc/thread-self/root/opt/alt/alt-nodejs20/root/lib/node_modules/npm/node_modules.bundled/libnpmexec/lib HTTP/2" 200 3174 "https://infowar.shop/items/excerpt/1080756385.htm?path=//proc/thread-self/root/opt/alt/alt-nodejs20/root/lib/node_modules/npm/node_modules.bundled/libnpmexec" "Mozilla/5.0 AppleWebKit/537.36 (KHTML, like Gecko; compatible; GPTBot/1.3; +https://openai.com/gptbot)"
74.7.242.53 - - [22/Jan/2026:12:24:53 +0000] "GET /?path=//proc/self/root/proc/thread-self/root/proc/thread-self/root/proc/thread-self/root/proc/self/root/proc/self/root/proc/self/root/proc/self/root/proc/self/root/proc/self/root/home/infowars/softaculous_backups HTTP/2" 200 3323 "https://www.infowar.shop/?path=//proc/self/root/proc/thread-self/root/proc/thread-self/root/proc/thread-self/root/proc/self/root/proc/self/root/proc/self/root/proc/self/root/proc/self/root/proc/self/root/home/infowars" "Mozilla/5.0 AppleWebKit/537.36 (KHTML, like Gecko; compatible; GPTBot/1.3; +https://openai.com/gptbot)"
74.7.227.16 - - [22/Jan/2026:12:24:53 +0000] "GET /items/excerpt/1080756385.htm?path=//proc/thread-self/root/opt/alt/alt-nodejs14/root/lib/node_modules/npm/node_modules.bundled/ansicolors HTTP/2" 200 3108 "https://infowar.shop/items/excerpt/1080756385.htm?path=//proc/thread-self/root/opt/alt/alt-nodejs14/root/lib/node_modules/npm/node_modules.bundled" "Mozilla/5.0 AppleWebKit/537.36 (KHTML, like Gecko; compatible; GPTBot/1.3; +https://openai.com/gptbot)"
74.7.227.30 - - [22/Jan/2026:12:24:52 +0000] "GET /?path=//proc/self/root/proc/thread-self/root/proc/thread-self/root/proc/self/root/proc/thread-self/root/proc/self/root/proc/thread-self/root/proc/thread-self/root/proc/thread-self/root/lib/jvm/jre/legal/jdk.security.jgss HTTP/2" 200 3180 "https://mail.infowar.shop/?path=//proc/self/root/proc/thread-self/root/proc/thread-self/root/proc/self/root/proc/thread-self/root/proc/self/root/proc/thread-self/root/proc/thread-self/root/proc/thread-self/root/lib/jvm/jre/legal" "Mozilla/5.0 AppleWebKit/537.36 (KHTML, like Gecko; compatible; GPTBot/1.3; +https://openai.com/gptbot)"
74.7.227.30 - - [22/Jan/2026:12:24:52 +0000] "GET /?path=//proc/self/root/proc/thread-self/root/proc/thread-self/root/proc/thread-self/root/proc/self/root/proc/self/root/proc/thread-self/root/proc/self/root/proc/self/root/proc/self/root/lib/jvm/jre/legal/java.instrument HTTP/2" 200 3192 "https://mail.infowar.shop/?path=//proc/self/root/proc/thread-self/root/proc/thread-self/root/proc/thread-self/root/proc/self/root/proc/self/root/proc/thread-self/root/proc/self/root/proc/self/root/proc/self/root/lib/jvm/jre/legal" "Mozilla/5.0 AppleWebKit/537.36 (KHTML, like Gecko; compatible; GPTBot/1.3; +https://openai.com/gptbot)"
74.7.227.30 - - [22/Jan/2026:12:24:53 +0000] "GET /?path=//proc/self/root/proc/thread-self/root/proc/thread-self/root/proc/self/root/proc/thread-self/root/proc/self/root/proc/self/root/proc/self/root/proc/self/root/proc/thread-self/root/lib/jvm/jre/legal/jdk.internal.ed HTTP/2" 200 3197 "https://mail.infowar.shop/?fileloc=//proc/self/root/proc/thread-self/root/proc/thread-self/root/proc/self/root/proc/thread-self/root/proc/self/root/proc/self/root/proc/self/root/proc/self/root/proc/thread-self/root/lib/jvm/jre/legal/jdk.internal.ed/ASSEMBLY_EXCEPTION&path=//proc/self/root/proc/thread-self/root/proc/thread-self/root/proc/self/root/proc/thread-self/root/proc/self/root/proc/self/root/proc/self/root/proc/self/root/proc/thread-self/root/lib/jvm/jre/legal/jdk.internal.ed" "Mozilla/5.0 AppleWebKit/537.36 (KHTML, like Gecko; compatible; GPTBot/1.3; +https://openai.com/gptbot)"
44.221.227.90 - - [22/Jan/2026:12:24:53 +0000] "GET /?fileloc=//lib/node_modules/npm/man/man1/audit2allow.1.gz&path=//lib/node_modules/npm/man/man1 HTTP/1.1" 200 5816 "-" "Mozilla/5.0 AppleWebKit/537.36 (KHTML, like Gecko; compatible; Amazonbot/0.1; +https://developer.amazon.com/support/amazonbot) Chrome/119.0.6045.214 Safari/537.36"
74.7.227.30 - - [22/Jan/2026:12:24:54 +0000] "GET /?path=//proc/self/root/proc/thread-self/root/proc/thread-self/root/proc/thread-self/root/proc/thread-self/root/proc/self/root/proc/self/root/proc/self/root/proc/self/root/proc/self/root/lib/jvm/jre-openjdk/legal/jdk.aot HTTP/2" 200 3195 "https://mail.infowar.shop/?path=//proc/self/root/proc/thread-self/root/proc/thread-self/root/proc/thread-self/root/proc/thread-self/root/proc/self/root/proc/self/root/proc/self/root/proc/self/root/proc/self/root/lib/jvm/jre-openjdk/legal" "Mozilla/5.0 AppleWebKit/537.36 (KHTML, like Gecko; compatible; GPTBot/1.3; +https://openai.com/gptbot)"
74.7.227.30 - - [22/Jan/2026:12:24:54 +0000] "GET /?path=//proc/self/root/proc/thread-self/root/proc/thread-self/root/proc/thread-self/root/proc/self/root/proc/self/root/proc/thread-self/root/proc/thread-self/root/proc/self/root/lib/jvm/jre-openjdk/legal/jdk.internal.ed HTTP/2" 200 3186 "https://mail.infowar.shop/?path=//proc/self/root/proc/thread-self/root/proc/thread-self/root/proc/thread-self/root/proc/self/root/proc/self/root/proc/thread-self/root/proc/thread-self/root/proc/self/root/lib/jvm/jre-openjdk/legal" "Mozilla/5.0 AppleWebKit/537.36 (KHTML, like Gecko; compatible; GPTBot/1.3; +https://openai.com/gptbot)"
74.7.242.53 - - [22/Jan/2026:12:24:54 +0000] "GET /?path=//proc/self/root/proc/thread-self/root/proc/thread-self/root/proc/thread-self/root/proc/self/root/proc/self/root/proc/self/root/proc/thread-self/root/proc/thread-self/root/var/softaculous/kopage/images HTTP/2" 200 3086 "https://www.infowar.shop/?path=//proc/self/root/proc/thread-self/root/proc/thread-self/root/proc/thread-self/root/proc/self/root/proc/self/root/proc/self/root/proc/thread-self/root/proc/thread-self/root/var/softaculous/kopage" "Mozilla/5.0 AppleWebKit/537.36 (KHTML, like Gecko; compatible; GPTBot/1.3; +https://openai.com/gptbot)"
74.7.227.16 - - [22/Jan/2026:12:24:54 +0000] "GET /items/excerpt/1080756385.htm?path=//proc/self/root/opt/alt/alt-nodejs18/root/lib/node_modules/npm/node_modules.bundled/minipass-pipeline/node_modules HTTP/2" 200 2916 "https://infowar.shop/items/excerpt/1080756385.htm?path=//proc/self/root/opt/alt/alt-nodejs18/root/lib/node_modules/npm/node_modules.bundled/minipass-pipeline" "Mozilla/5.0 AppleWebKit/537.36 (KHTML, like Gecko; compatible; GPTBot/1.3; +https://openai.com/gptbot)"
74.7.242.53 - - [22/Jan/2026:12:24:54 +0000] "GET /?path=//proc/self/root/proc/thread-self/root/proc/thread-self/root/proc/thread-self/root/proc/self/root/proc/self/root/proc/self/root/proc/self/root/proc/self/root/opt/cpanel/ea-wappspector/vendor/symfony/process HTTP/2" 200 3679 "https://www.infowar.shop/?path=//proc/self/root/proc/thread-self/root/proc/thread-self/root/proc/thread-self/root/proc/self/root/proc/self/root/proc/self/root/proc/self/root/proc/self/root/opt/cpanel/ea-wappspector/vendor/symfony" "Mozilla/5.0 AppleWebKit/537.36 (KHTML, like Gecko; compatible; GPTBot/1.3; +https://openai.com/gptbot)"
74.7.227.16 - - [22/Jan/2026:12:24:55 +0000] "GET /items/excerpt/1080756385.htm?path=//proc/self/root/opt/alt/alt-nodejs24/root/usr/lib/node_modules/npm/node_modules.bundled/libnpmversion/lib HTTP/2" 200 3230 "https://infowar.shop/items/excerpt/1080756385.htm?path=//proc/self/root/opt/alt/alt-nodejs24/root/usr/lib/node_modules/npm/node_modules.bundled/libnpmversion" "Mozilla/5.0 AppleWebKit/537.36 (KHTML, like Gecko; compatible; GPTBot/1.3; +https://openai.com/gptbot)"
74.7.242.53 - - [22/Jan/2026:12:24:55 +0000] "GET /?path=//proc/self/root/proc/thread-self/root/proc/thread-self/root/proc/thread-self/root/proc/self/root/proc/self/root/proc/self/root/proc/thread-self/root/proc/thread-self/root/var/softaculous/peel/images HTTP/2" 200 3091 "https://www.infowar.shop/?path=//proc/self/root/proc/thread-self/root/proc/thread-self/root/proc/thread-self/root/proc/self/root/proc/self/root/proc/self/root/proc/thread-self/root/proc/thread-self/root/var/softaculous/peel" "Mozilla/5.0 AppleWebKit/537.36 (KHTML, like Gecko; compatible; GPTBot/1.3; +https://openai.com/gptbot)"
74.7.227.16 - - [22/Jan/2026:12:24:55 +0000] "GET /items/excerpt/1080756385.htm?path=//proc/self/root/opt/alt/alt-nodejs11/root/lib/node_modules/npm/node_modules.bundled/copy-concurrently HTTP/2" 200 3208 "https://infowar.shop/items/excerpt/1080756385.htm?path=//proc/self/root/opt/alt/alt-nodejs11/root/lib/node_modules/npm/node_modules.bundled" "Mozilla/5.0 AppleWebKit/537.36 (KHTML, like Gecko; compatible; GPTBot/1.3; +https://openai.com/gptbot)"
74.7.242.53 - - [22/Jan/2026:12:24:56 +0000] "GET /?path=//proc/self/root/proc/thread-self/root/proc/thread-self/root/proc/thread-self/root/proc/self/root/proc/self/root/proc/self/root/proc/self/root/proc/self/root/proc/self/root/home/infowars/askalexjones.com/wp-admin HTTP/2" 200 7105 "https://www.infowar.shop/?path=//proc/self/root/proc/thread-self/root/proc/thread-self/root/proc/thread-self/root/proc/self/root/proc/self/root/proc/self/root/proc/self/root/proc/self/root/proc/self/root/home/infowars/askalexjones.com" "Mozilla/5.0 AppleWebKit/537.36 (KHTML, like Gecko; compatible; GPTBot/1.3; +https://openai.com/gptbot)"
74.7.227.16 - - [22/Jan/2026:12:24:56 +0000] "GET /items/excerpt/1080756385.htm?path=//proc/thread-self/root/opt/alt/alt-nodejs19/root/lib/node_modules/npm/node_modules.bundled/libnpmfund HTTP/2" 200 3142 "https://infowar.shop/items/excerpt/1080756385.htm?path=//proc/thread-self/root/opt/alt/alt-nodejs19/root/lib/node_modules/npm/node_modules.bundled" "Mozilla/5.0 AppleWebKit/537.36 (KHTML, like Gecko; compatible; GPTBot/1.3; +https://openai.com/gptbot)"
74.7.227.16 - - [22/Jan/2026:12:24:56 +0000] "GET /items/excerpt/1080756385.htm?path=//proc/self/root/opt/alt/alt-nodejs18/root/usr/lib/node_modules/npm/node_modules.bundled/libnpmpublish HTTP/2" 200 3136 "https://infowar.shop/items/excerpt/1080756385.htm?path=//proc/self/root/opt/alt/alt-nodejs18/root/usr/lib/node_modules/npm/node_modules.bundled" "Mozilla/5.0 AppleWebKit/537.36 (KHTML, like Gecko; compatible; GPTBot/1.3; +https://openai.com/gptbot)"
74.7.242.53 - - [22/Jan/2026:12:24:56 +0000] "GET /?path=//proc/self/root/proc/thread-self/root/proc/thread-self/root/proc/thread-self/root/proc/self/root/proc/self/root/proc/thread-self/root/proc/thread-self/root/proc/thread-self/root/var/softaculous/impleo HTTP/2" 200 3622 "https://www.infowar.shop/?path=//proc/self/root/proc/thread-self/root/proc/thread-self/root/proc/thread-self/root/proc/self/root/proc/self/root/proc/thread-self/root/proc/thread-self/root/proc/thread-self/root/var/softaculous" "Mozilla/5.0 AppleWebKit/537.36 (KHTML, like Gecko; compatible; GPTBot/1.3; +https://openai.com/gptbot)"
74.7.227.16 - - [22/Jan/2026:12:24:57 +0000] "GET /items/excerpt/1080756385.htm?path=//proc/self/root/opt/alt/alt-nodejs10/root/lib/node_modules/npm/node_modules.bundled/copy-concurrently HTTP/2" 200 3240 "https://infowar.shop/items/excerpt/1080756385.htm?path=//proc/self/root/opt/alt/alt-nodejs10/root/lib/node_modules/npm/node_modules.bundled" "Mozilla/5.0 AppleWebKit/537.36 (KHTML, like Gecko; compatible; GPTBot/1.3; +https://openai.com/gptbot)"
74.7.242.53 - - [22/Jan/2026:12:24:57 +0000] "GET /?path=//proc/self/root/proc/thread-self/root/proc/thread-self/root/proc/thread-self/root/proc/self/root/proc/self/root/proc/self/root/proc/self/root/proc/thread-self/root/proc/self/root/var/softaculous/thelia/images HTTP/2" 200 3108 "https://www.infowar.shop/?path=//proc/self/root/proc/thread-self/root/proc/thread-self/root/proc/thread-self/root/proc/self/root/proc/self/root/proc/self/root/proc/self/root/proc/thread-self/root/proc/self/root/var/softaculous/thelia" "Mozilla/5.0 AppleWebKit/537.36 (KHTML, like Gecko; compatible; GPTBot/1.3; +https://openai.com/gptbot)"
74.7.227.16 - - [22/Jan/2026:12:24:58 +0000] "GET /items/excerpt/1080756385.htm?path=//proc/thread-self/root/opt/alt/alt-nodejs22/root/lib/node_modules/npm/node_modules.bundled/libnpmexec HTTP/2" 200 3144 "https://infowar.shop/items/excerpt/1080756385.htm?path=//proc/thread-self/root/opt/alt/alt-nodejs22/root/lib/node_modules/npm/node_modules.bundled" "Mozilla/5.0 AppleWebKit/537.36 (KHTML, like Gecko; compatible; GPTBot/1.3; +https://openai.com/gptbot)"
74.7.242.53 - - [22/Jan/2026:12:24:58 +0000] "GET /?path=//proc/self/root/proc/thread-self/root/proc/thread-self/root/proc/thread-self/root/proc/self/root/proc/self/root/proc/thread-self/root/proc/self/root/proc/self/root/var/softaculous/zurmo/upgrade HTTP/2" 200 2734 "https://www.infowar.shop/?path=//proc/self/root/proc/thread-self/root/proc/thread-self/root/proc/thread-self/root/proc/self/root/proc/self/root/proc/thread-self/root/proc/self/root/proc/self/root/var/softaculous/zurmo" "Mozilla/5.0 AppleWebKit/537.36 (KHTML, like Gecko; compatible; GPTBot/1.3; +https://openai.com/gptbot)"
74.7.227.30 - - [22/Jan/2026:12:24:55 +0000] "GET /?path=//proc/self/root/proc/thread-self/root/proc/thread-self/root/proc/self/root/proc/thread-self/root/proc/self/root/proc/self/root/proc/self/root/proc/self/root/proc/self/root/usr/lib/jvm/jre/legal/java.security.jgss HTTP/2" 200 3195 "https://mail.infowar.shop/?path=//proc/self/root/proc/thread-self/root/proc/thread-self/root/proc/self/root/proc/thread-self/root/proc/self/root/proc/self/root/proc/self/root/proc/self/root/proc/self/root/usr/lib/jvm/jre/legal" "Mozilla/5.0 AppleWebKit/537.36 (KHTML, like Gecko; compatible; GPTBot/1.3; +https://openai.com/gptbot)"
74.7.227.30 - - [22/Jan/2026:12:24:56 +0000] "GET /?path=//proc/self/root/proc/thread-self/root/proc/thread-self/root/proc/thread-self/root/proc/self/root/proc/self/root/proc/self/root/proc/self/root/proc/self/root/proc/thread-self/root/usr/lib/jvm/jre/legal/java.naming HTTP/2" 200 3200 "https://mail.infowar.shop/?path=//proc/self/root/proc/thread-self/root/proc/thread-self/root/proc/thread-self/root/proc/self/root/proc/self/root/proc/self/root/proc/self/root/proc/self/root/proc/thread-self/root/usr/lib/jvm/jre/legal" "Mozilla/5.0 AppleWebKit/537.36 (KHTML, like Gecko; compatible; GPTBot/1.3; +https://openai.com/gptbot)"
74.7.227.30 - - [22/Jan/2026:12:24:56 +0000] "GET /?path=//proc/self/root/proc/thread-self/root/proc/thread-self/root/proc/thread-self/root/proc/thread-self/root/proc/self/root/proc/self/root/proc/self/root/proc/self/root/proc/thread-self/root/lib/jvm/jre/legal/jdk.rmic HTTP/2" 200 3198 "https://mail.infowar.shop/?path=//proc/self/root/proc/thread-self/root/proc/thread-self/root/proc/thread-self/root/proc/thread-self/root/proc/self/root/proc/self/root/proc/self/root/proc/self/root/proc/thread-self/root/lib/jvm/jre/legal" "Mozilla/5.0 AppleWebKit/537.36 (KHTML, like Gecko; compatible; GPTBot/1.3; +https://openai.com/gptbot)"
74.7.227.30 - - [22/Jan/2026:12:24:57 +0000] "GET /?path=//proc/self/root/proc/thread-self/root/proc/thread-self/root/proc/thread-self/root/proc/self/root/proc/self/root/proc/thread-self/root/proc/thread-self/root/proc/self/root/lib/jvm/jre-openjdk/legal/jdk.naming.ldap HTTP/2" 200 3189 "https://mail.infowar.shop/?path=//proc/self/root/proc/thread-self/root/proc/thread-self/root/proc/thread-self/root/proc/self/root/proc/self/root/proc/thread-self/root/proc/thread-self/root/proc/self/root/lib/jvm/jre-openjdk/legal" "Mozilla/5.0 AppleWebKit/537.36 (KHTML, like Gecko; compatible; GPTBot/1.3; +https://openai.com/gptbot)"
74.7.227.30 - - [22/Jan/2026:12:24:57 +0000] "GET /?path=//proc/self/root/proc/thread-self/root/proc/thread-self/root/proc/thread-self/root/proc/thread-self/root/proc/self/root/proc/self/root/proc/self/root/proc/self/root/proc/self/root/lib/jvm/jre-openjdk/legal/jdk.jcmd HTTP/2" 200 3199 "https://mail.infowar.shop/?path=//proc/self/root/proc/thread-self/root/proc/thread-self/root/proc/thread-self/root/proc/thread-self/root/proc/self/root/proc/self/root/proc/self/root/proc/self/root/proc/self/root/lib/jvm/jre-openjdk/legal" "Mozilla/5.0 AppleWebKit/537.36 (KHTML, like Gecko; compatible; GPTBot/1.3; +https://openai.com/gptbot)"
74.7.227.30 - - [22/Jan/2026:12:24:58 +0000] "GET /?path=//proc/self/root/proc/thread-self/root/proc/thread-self/root/proc/thread-self/root/proc/thread-self/root/proc/self/root/proc/self/root/proc/thread-self/root/proc/self/root/proc/self/root/lib/jvm/jre/legal/jdk.jlink HTTP/2" 200 3203 "https://mail.infowar.shop/?path=//proc/self/root/proc/thread-self/root/proc/thread-self/root/proc/thread-self/root/proc/thread-self/root/proc/self/root/proc/self/root/proc/thread-self/root/proc/self/root/proc/self/root/lib/jvm/jre/legal" "Mozilla/5.0 AppleWebKit/537.36 (KHTML, like Gecko; compatible; GPTBot/1.3; +https://openai.com/gptbot)"
74.7.227.16 - - [22/Jan/2026:12:24:58 +0000] "GET /items/excerpt/1080756385.htm?path=//proc/thread-self/root/opt/alt/alt-nodejs22/root/lib/node_modules/npm/node_modules.bundled/libnpmfund/lib HTTP/2" 200 2943 "https://infowar.shop/items/excerpt/1080756385.htm?path=//proc/thread-self/root/opt/alt/alt-nodejs22/root/lib/node_modules/npm/node_modules.bundled/libnpmfund" "Mozilla/5.0 AppleWebKit/537.36 (KHTML, like Gecko; compatible; GPTBot/1.3; +https://openai.com/gptbot)"
74.7.242.53 - - [22/Jan/2026:12:24:58 +0000] "GET /?path=//proc/self/root/proc/thread-self/root/proc/thread-self/root/proc/thread-self/root/proc/self/root/proc/self/root/proc/thread-self/root/proc/self/root/proc/self/root/var/softaculous/zurmo/images HTTP/2" 200 3099 "https://www.infowar.shop/?path=//proc/self/root/proc/thread-self/root/proc/thread-self/root/proc/thread-self/root/proc/self/root/proc/self/root/proc/thread-self/root/proc/self/root/proc/self/root/var/softaculous/zurmo" "Mozilla/5.0 AppleWebKit/537.36 (KHTML, like Gecko; compatible; GPTBot/1.3; +https://openai.com/gptbot)"
74.7.227.16 - - [22/Jan/2026:12:24:59 +0000] "GET /items/excerpt/1080756385.htm?path=//proc/thread-self/root/opt/alt/alt-nodejs12/root/lib/node_modules/npm/node_modules.bundled/typedarray HTTP/2" 200 3225 "https://infowar.shop/items/excerpt/1080756385.htm?path=//proc/thread-self/root/opt/alt/alt-nodejs12/root/lib/node_modules/npm/node_modules.bundled" "Mozilla/5.0 AppleWebKit/537.36 (KHTML, like Gecko; compatible; GPTBot/1.3; +https://openai.com/gptbot)"
74.7.242.53 - - [22/Jan/2026:12:24:59 +0000] "GET /?path=//proc/self/root/proc/thread-self/root/proc/thread-self/root/proc/thread-self/root/proc/self/root/proc/self/root/proc/self/root/proc/self/root/proc/self/root/proc/thread-self/root/var/softaculous/shopsite/images HTTP/2" 200 3106 "https://www.infowar.shop/?path=//proc/self/root/proc/thread-self/root/proc/thread-self/root/proc/thread-self/root/proc/self/root/proc/self/root/proc/self/root/proc/self/root/proc/self/root/proc/thread-self/root/var/softaculous/shopsite" "Mozilla/5.0 AppleWebKit/537.36 (KHTML, like Gecko; compatible; GPTBot/1.3; +https://openai.com/gptbot)"
74.7.227.16 - - [22/Jan/2026:12:25:00 +0000] "GET /items/excerpt/1080756385.htm?path=//proc/self/root/opt/alt/alt-nodejs14/root/lib/node_modules/npm/node_modules.bundled/jsonparse/examples HTTP/2" 200 2944 "https://infowar.shop/items/excerpt/1080756385.htm?path=//proc/self/root/opt/alt/alt-nodejs14/root/lib/node_modules/npm/node_modules.bundled/jsonparse" "Mozilla/5.0 AppleWebKit/537.36 (KHTML, like Gecko; compatible; GPTBot/1.3; +https://openai.com/gptbot)"
74.7.242.53 - - [22/Jan/2026:12:25:00 +0000] "GET /?path=//proc/self/root/proc/thread-self/root/proc/thread-self/root/proc/thread-self/root/proc/self/root/proc/self/root/proc/self/root/proc/thread-self/root/proc/thread-self/root/var/softaculous/pier/images HTTP/2" 200 3093 "https://www.infowar.shop/?path=//proc/self/root/proc/thread-self/root/proc/thread-self/root/proc/thread-self/root/proc/self/root/proc/self/root/proc/self/root/proc/thread-self/root/proc/thread-self/root/var/softaculous/pier" "Mozilla/5.0 AppleWebKit/537.36 (KHTML, like Gecko; compatible; GPTBot/1.3; +https://openai.com/gptbot)"
74.7.227.16 - - [22/Jan/2026:12:25:00 +0000] "GET /items/excerpt/1080756385.htm?path=//proc/thread-self/root/opt/alt/alt-nodejs19/root/lib/node_modules/npm/node_modules.bundled/negotiator HTTP/2" 200 3182 "https://infowar.shop/items/excerpt/1080756385.htm?path=//proc/thread-self/root/opt/alt/alt-nodejs19/root/lib/node_modules/npm/node_modules.bundled" "Mozilla/5.0 AppleWebKit/537.36 (KHTML, like Gecko; compatible; GPTBot/1.3; +https://openai.com/gptbot)"
74.7.227.30 - - [22/Jan/2026:12:24:59 +0000] "GET /?path=//proc/self/root/proc/thread-self/root/proc/thread-self/root/proc/thread-self/root/proc/self/root/proc/self/root/proc/self/root/proc/self/root/proc/thread-self/root/proc/self/root/lib/jvm/jre/legal/java.sql.rowset HTTP/2" 200 3206 "https://mail.infowar.shop/?path=//proc/self/root/proc/thread-self/root/proc/thread-self/root/proc/thread-self/root/proc/self/root/proc/self/root/proc/self/root/proc/self/root/proc/thread-self/root/proc/self/root/lib/jvm/jre/legal" "Mozilla/5.0 AppleWebKit/537.36 (KHTML, like Gecko; compatible; GPTBot/1.3; +https://openai.com/gptbot)"
74.7.227.30 - - [22/Jan/2026:12:24:59 +0000] "GET /?path=//proc/self/root/proc/thread-self/root/proc/thread-self/root/proc/thread-self/root/proc/self/root/proc/thread-self/root/proc/self/root/proc/self/root/proc/self/root/proc/self/root/lib/jvm/jre/legal/jdk.internal.ed HTTP/2" 200 3196 "https://mail.infowar.shop/?path=//proc/self/root/proc/thread-self/root/proc/thread-self/root/proc/thread-self/root/proc/self/root/proc/thread-self/root/proc/self/root/proc/self/root/proc/self/root/proc/self/root/lib/jvm/jre/legal" "Mozilla/5.0 AppleWebKit/537.36 (KHTML, like Gecko; compatible; GPTBot/1.3; +https://openai.com/gptbot)"
74.7.227.30 - - [22/Jan/2026:12:25:00 +0000] "GET /?path=//proc/self/root/proc/thread-self/root/proc/thread-self/root/proc/self/root/proc/thread-self/root/proc/self/root/proc/self/root/proc/self/root/proc/self/root/proc/self/root/usr/lib/jvm/jre/legal/java.management.rmi HTTP/2" 200 3198 "https://mail.infowar.shop/?path=//proc/self/root/proc/thread-self/root/proc/thread-self/root/proc/self/root/proc/thread-self/root/proc/self/root/proc/self/root/proc/self/root/proc/self/root/proc/self/root/usr/lib/jvm/jre/legal" "Mozilla/5.0 AppleWebKit/537.36 (KHTML, like Gecko; compatible; GPTBot/1.3; +https://openai.com/gptbot)"
74.7.227.30 - - [22/Jan/2026:12:25:01 +0000] "GET /?path=//proc/self/root/proc/thread-self/root/proc/thread-self/root/proc/thread-self/root/proc/self/root/proc/self/root/proc/self/root/proc/thread-self/root/proc/self/root/proc/thread-self/root/lib/jvm/jre/legal/jdk.rmic HTTP/2" 200 3197 "https://mail.infowar.shop/?fileloc=//proc/self/root/proc/thread-self/root/proc/thread-self/root/proc/thread-self/root/proc/self/root/proc/self/root/proc/self/root/proc/thread-self/root/proc/self/root/proc/thread-self/root/lib/jvm/jre/legal/jdk.rmic/ADDITIONAL_LICENSE_INFO&path=//proc/self/root/proc/thread-self/root/proc/thread-self/root/proc/thread-self/root/proc/self/root/proc/self/root/proc/self/root/proc/thread-self/root/proc/self/root/proc/thread-self/root/lib/jvm/jre/legal/jdk.rmic" "Mozilla/5.0 AppleWebKit/537.36 (KHTML, like Gecko; compatible; GPTBot/1.3; +https://openai.com/gptbot)"
44.209.187.99 - - [22/Jan/2026:12:25:01 +0000] "GET /?fileloc=//proc/self/root/usr/bin/ghostscript&path=//proc/self/root/usr/bin HTTP/1.1" 200 6509 "-" "Mozilla/5.0 AppleWebKit/537.36 (KHTML, like Gecko; compatible; Amazonbot/0.1; +https://developer.amazon.com/support/amazonbot) Chrome/119.0.6045.214 Safari/537.36"
74.7.227.30 - - [22/Jan/2026:12:25:01 +0000] "GET /?path=//proc/self/root/proc/thread-self/root/proc/thread-self/root/proc/self/root/proc/thread-self/root/proc/self/root/proc/self/root/proc/thread-self/root/proc/self/root/proc/self/root/lib/jvm/jre/legal/jdk.unsupported HTTP/2" 200 3199 "https://mail.infowar.shop/?path=//proc/self/root/proc/thread-self/root/proc/thread-self/root/proc/self/root/proc/thread-self/root/proc/self/root/proc/self/root/proc/thread-self/root/proc/self/root/proc/self/root/lib/jvm/jre/legal" "Mozilla/5.0 AppleWebKit/537.36 (KHTML, like Gecko; compatible; GPTBot/1.3; +https://openai.com/gptbot)"
74.7.242.53 - - [22/Jan/2026:12:25:00 +0000] "GET /?path=//proc/self/root/proc/thread-self/root/proc/thread-self/root/proc/thread-self/root/proc/self/root/proc/self/root/proc/self/root/proc/self/root/proc/self/root/proc/self/root/home/infowars/softaculous_backups/tmp HTTP/2" 200 2736 "https://www.infowar.shop/?path=//proc/self/root/proc/thread-self/root/proc/thread-self/root/proc/thread-self/root/proc/self/root/proc/self/root/proc/self/root/proc/self/root/proc/self/root/proc/self/root/home/infowars/softaculous_backups" "Mozilla/5.0 AppleWebKit/537.36 (KHTML, like Gecko; compatible; GPTBot/1.3; +https://openai.com/gptbot)"
74.7.227.16 - - [22/Jan/2026:12:25:01 +0000] "GET /items/excerpt/1080756385.htm?path=//proc/thread-self/root/opt/alt/alt-nodejs18/root/lib/node_modules/npm/node_modules.bundled/libnpmfund HTTP/2" 200 3144 "https://infowar.shop/items/excerpt/1080756385.htm?path=//proc/thread-self/root/opt/alt/alt-nodejs18/root/lib/node_modules/npm/node_modules.bundled" "Mozilla/5.0 AppleWebKit/537.36 (KHTML, like Gecko; compatible; GPTBot/1.3; +https://openai.com/gptbot)"
74.7.242.53 - - [22/Jan/2026:12:25:01 +0000] "GET /?path=//proc/self/root/proc/thread-self/root/proc/thread-self/root/proc/thread-self/root/proc/self/root/proc/self/root/proc/self/root/proc/self/root/proc/thread-self/root/var/softaculous/drupalcms HTTP/2" 200 3816 "https://www.infowar.shop/?path=//proc/self/root/proc/thread-self/root/proc/thread-self/root/proc/thread-self/root/proc/self/root/proc/self/root/proc/self/root/proc/self/root/proc/thread-self/root/var/softaculous" "Mozilla/5.0 AppleWebKit/537.36 (KHTML, like Gecko; compatible; GPTBot/1.3; +https://openai.com/gptbot)"
74.7.227.16 - - [22/Jan/2026:12:25:01 +0000] "GET /items/excerpt/1080756385.htm?fileloc=//proc/self/root/opt/alt/alt-nodejs24/root/usr/lib/node_modules/npm/node_modules.bundled/libnpmversion/lib/retrieve-tag.js&path=//proc/self/root/opt/alt/alt-nodejs24/root/usr/lib/node_modules/npm/node_modules.bundled/libnpmversion/lib HTTP/2" 200 2891 "https://infowar.shop/items/excerpt/1080756385.htm?path=//proc/self/root/opt/alt/alt-nodejs24/root/usr/lib/node_modules/npm/node_modules.bundled/libnpmversion/lib" "Mozilla/5.0 AppleWebKit/537.36 (KHTML, like Gecko; compatible; GPTBot/1.3; +https://openai.com/gptbot)"
74.7.242.53 - - [22/Jan/2026:12:25:01 +0000] "GET /?fileloc=//proc/self/root/proc/thread-self/root/proc/thread-self/root/proc/thread-self/root/proc/self/root/proc/self/root/proc/self/root/proc/self/root/proc/self/root/opt/cpanel/ea-wappspector/vendor/symfony/process/composer.json&path=//proc/self/root/proc/thread-self/root/proc/thread-self/root/proc/thread-self/root/proc/self/root/proc/self/root/proc/self/root/proc/self/root/proc/self/root/opt/cpanel/ea-wappspector/vendor/symfony/process HTTP/2" 200 3058 "https://www.infowar.shop/?path=//proc/self/root/proc/thread-self/root/proc/thread-self/root/proc/thread-self/root/proc/self/root/proc/self/root/proc/self/root/proc/self/root/proc/self/root/opt/cpanel/ea-wappspector/vendor/symfony/process" "Mozilla/5.0 AppleWebKit/537.36 (KHTML, like Gecko; compatible; GPTBot/1.3; +https://openai.com/gptbot)"
74.7.227.16 - - [22/Jan/2026:12:25:02 +0000] "GET /items/excerpt/1080756385.htm?fileloc=//proc/self/root/opt/alt/alt-nodejs24/root/usr/lib/node_modules/npm/node_modules.bundled/libnpmversion/lib/read-json.js&path=//proc/self/root/opt/alt/alt-nodejs24/root/usr/lib/node_modules/npm/node_modules.bundled/libnpmversion/lib HTTP/2" 200 2796 "https://infowar.shop/items/excerpt/1080756385.htm?path=//proc/self/root/opt/alt/alt-nodejs24/root/usr/lib/node_modules/npm/node_modules.bundled/libnpmversion/lib" "Mozilla/5.0 AppleWebKit/537.36 (KHTML, like Gecko; compatible; GPTBot/1.3; +https://openai.com/gptbot)"
