66.249.66.10 - - [22/Jan/2026:13:51:42 +0000] "GET /?j=eysjptgp5dgqsqx HTTP/1.1" 404 36020 "-" "Mozilla/5.0 (Linux; Android 6.0.1; Nexus 5X Build/MMB29P) AppleWebKit/537.36 (KHTML, like Gecko) Chrome/143.0.7499.192 Mobile Safari/537.36 (compatible; GoogleOther)"
66.249.66.8 - - [22/Jan/2026:13:51:43 +0000] "GET /shop/casuistries/apiculi99126189324.html HTTP/1.1" 200 25739 "-" "Mozilla/5.0 (Linux; Android 6.0.1; Nexus 5X Build/MMB29P) AppleWebKit/537.36 (KHTML, like Gecko) Chrome/143.0.7499.192 Mobile Safari/537.36 (compatible; Googlebot/2.1; +http://www.google.com/bot.html)"
66.249.66.202 - - [22/Jan/2026:13:51:45 +0000] "GET /shop/sannaite/adhibit47043118032.html HTTP/1.1" 200 26130 "-" "Mozilla/5.0 (Linux; Android 6.0.1; Nexus 5X Build/MMB29P) AppleWebKit/537.36 (KHTML, like Gecko) Chrome/143.0.7499.192 Mobile Safari/537.36 (compatible; Googlebot/2.1; +http://www.google.com/bot.html)"
66.249.66.161 - - [22/Jan/2026:13:51:52 +0000] "GET /ammika.php?w=95026324504 HTTP/1.1" 200 26559 "-" "Mozilla/5.0 (Linux; Android 6.0.1; Nexus 5X Build/MMB29P) AppleWebKit/537.36 (KHTML, like Gecko) Chrome/143.0.7499.192 Mobile Safari/537.36 (compatible; Googlebot/2.1; +http://www.google.com/bot.html)"
66.249.66.11 - - [22/Jan/2026:13:51:59 +0000] "GET /shop/overspends/inclose23070246668.html HTTP/1.1" 200 26978 "-" "Mozilla/5.0 (Linux; Android 6.0.1; Nexus 5X Build/MMB29P) AppleWebKit/537.36 (KHTML, like Gecko) Chrome/143.0.7499.192 Mobile Safari/537.36 (compatible; Googlebot/2.1; +http://www.google.com/bot.html)"
66.249.66.70 - - [22/Jan/2026:13:52:00 +0000] "GET /?j=f5duae1bqc5ry3m_gkind14524010 HTTP/1.1" 404 36020 "-" "Mozilla/5.0 (Linux; Android 6.0.1; Nexus 5X Build/MMB29P) AppleWebKit/537.36 (KHTML, like Gecko) Chrome/143.0.7499.192 Mobile Safari/537.36 (compatible; GoogleOther)"
66.249.66.9 - - [22/Jan/2026:13:52:02 +0000] "GET /shop/platitudinism/demagnetizing88741160258.html HTTP/1.1" 200 27107 "-" "Mozilla/5.0 (Linux; Android 6.0.1; Nexus 5X Build/MMB29P) AppleWebKit/537.36 (KHTML, like Gecko) Chrome/143.0.7499.192 Mobile Safari/537.36 (compatible; Googlebot/2.1; +http://www.google.com/bot.html)"
66.249.66.201 - - [22/Jan/2026:13:52:08 +0000] "GET /shop/nummularia/demented38240145929.html HTTP/1.1" 200 27206 "-" "Mozilla/5.0 (Linux; Android 6.0.1; Nexus 5X Build/MMB29P) AppleWebKit/537.36 (KHTML, like Gecko) Chrome/143.0.7499.192 Mobile Safari/537.36 (compatible; Googlebot/2.1; +http://www.google.com/bot.html)"
66.249.66.8 - - [22/Jan/2026:13:52:17 +0000] "GET /shop/grieveship/superexpansion66019173697.html HTTP/1.1" 200 27709 "-" "Mozilla/5.0 (Linux; Android 6.0.1; Nexus 5X Build/MMB29P) AppleWebKit/537.36 (KHTML, like Gecko) Chrome/143.0.7499.192 Mobile Safari/537.36 (compatible; Googlebot/2.1; +http://www.google.com/bot.html)"
66.249.66.162 - - [22/Jan/2026:13:52:25 +0000] "GET /shop/poseurs/sulphating99126313427.html HTTP/1.1" 200 27466 "-" "Mozilla/5.0 (Linux; Android 6.0.1; Nexus 5X Build/MMB29P) AppleWebKit/537.36 (KHTML, like Gecko) Chrome/143.0.7499.192 Mobile Safari/537.36 (compatible; Googlebot/2.1; +http://www.google.com/bot.html)"
66.249.66.162 - - [22/Jan/2026:13:52:27 +0000] "GET /shop/noily/isochronously66019196065.html HTTP/1.1" 200 26319 "-" "Mozilla/5.0 (Linux; Android 6.0.1; Nexus 5X Build/MMB29P) AppleWebKit/537.36 (KHTML, like Gecko) Chrome/143.0.7499.192 Mobile Safari/537.36 (compatible; Googlebot/2.1; +http://www.google.com/bot.html)"
66.249.66.161 - - [22/Jan/2026:13:52:30 +0000] "GET /shop/airscrew/spouseless1595257731.html HTTP/1.1" 200 27283 "-" "Mozilla/5.0 (Linux; Android 6.0.1; Nexus 5X Build/MMB29P) AppleWebKit/537.36 (KHTML, like Gecko) Chrome/143.0.7499.192 Mobile Safari/537.36 (compatible; Googlebot/2.1; +http://www.google.com/bot.html)"
66.249.66.33 - - [22/Jan/2026:13:51:49 +0000] "GET /?j=fsmrjnabz4e0xcv HTTP/1.1" 404 36018 "-" "Mozilla/5.0 (Linux; Android 6.0.1; Nexus 5X Build/MMB29P) AppleWebKit/537.36 (KHTML, like Gecko) Chrome/143.0.7499.192 Mobile Safari/537.36 (compatible; GoogleOther)"
66.249.66.70 - - [22/Jan/2026:13:51:50 +0000] "GET /shop/jimson/unascendableness4704317800.html HTTP/1.1" 200 27521 "-" "Mozilla/5.0 (Linux; Android 6.0.1; Nexus 5X Build/MMB29P) AppleWebKit/537.36 (KHTML, like Gecko) Chrome/143.0.7499.192 Mobile Safari/537.36 (compatible; Googlebot/2.1; +http://www.google.com/bot.html)"
66.249.66.43 - - [22/Jan/2026:13:51:51 +0000] "GET /?j=e6e4n32u3n2or0j_gkind14524006 HTTP/1.1" 404 36020 "-" "Mozilla/5.0 (Linux; Android 6.0.1; Nexus 5X Build/MMB29P) AppleWebKit/537.36 (KHTML, like Gecko) Chrome/143.0.7499.192 Mobile Safari/537.36 (compatible; GoogleOther)"
66.249.66.10 - - [22/Jan/2026:13:51:53 +0000] "GET /shop/unmatronlike/wiseacredom8459580454.html HTTP/1.1" 200 26214 "-" "Mozilla/5.0 (Linux; Android 6.0.1; Nexus 5X Build/MMB29P) AppleWebKit/537.36 (KHTML, like Gecko) Chrome/143.0.7499.192 Mobile Safari/537.36 (compatible; Googlebot/2.1; +http://www.google.com/bot.html)"
66.249.66.8 - - [22/Jan/2026:13:51:55 +0000] "GET /shop/kelk/weemen5370399284.html HTTP/1.1" 200 26800 "-" "Mozilla/5.0 (Linux; Android 6.0.1; Nexus 5X Build/MMB29P) AppleWebKit/537.36 (KHTML, like Gecko) Chrome/143.0.7499.192 Mobile Safari/537.36 (compatible; Googlebot/2.1; +http://www.google.com/bot.html)"
66.249.66.33 - - [22/Jan/2026:13:51:58 +0000] "GET /?j=f90kldob1o4epel HTTP/1.1" 404 36020 "-" "Mozilla/5.0 (Linux; Android 6.0.1; Nexus 5X Build/MMB29P) AppleWebKit/537.36 (KHTML, like Gecko) Chrome/143.0.7499.192 Mobile Safari/537.36 (compatible; GoogleOther)"
66.249.66.44 - - [22/Jan/2026:13:52:08 +0000] "GET /?j=ep6orjux73uskgb_gkind14523998 HTTP/1.1" 404 36018 "-" "Mozilla/5.0 (Linux; Android 6.0.1; Nexus 5X Build/MMB29P) AppleWebKit/537.36 (KHTML, like Gecko) Chrome/143.0.7499.192 Mobile Safari/537.36 (compatible; GoogleOther)"
66.249.66.8 - - [22/Jan/2026:13:52:12 +0000] "GET /shop/uncontagiously/nonexculpation15952270923.html HTTP/1.1" 200 26583 "-" "Mozilla/5.0 (Linux; Android 6.0.1; Nexus 5X Build/MMB29P) AppleWebKit/537.36 (KHTML, like Gecko) Chrome/143.0.7499.192 Mobile Safari/537.36 (compatible; Googlebot/2.1; +http://www.google.com/bot.html)"
66.249.66.8 - - [22/Jan/2026:13:52:17 +0000] "GET /?j=e2yfvzmybjmwnw3 HTTP/1.1" 404 36020 "-" "Mozilla/5.0 (Linux; Android 6.0.1; Nexus 5X Build/MMB29P) AppleWebKit/537.36 (KHTML, like Gecko) Chrome/143.0.7499.192 Mobile Safari/537.36 (compatible; GoogleOther)"
66.249.66.7 - - [22/Jan/2026:13:52:19 +0000] "GET /?j=e2gkdh4wt14erel_gkind14524014 HTTP/1.1" 404 36020 "-" "Mozilla/5.0 (Linux; Android 6.0.1; Nexus 5X Build/MMB29P) AppleWebKit/537.36 (KHTML, like Gecko) Chrome/143.0.7499.192 Mobile Safari/537.36 (compatible; GoogleOther)"
66.249.66.7 - - [22/Jan/2026:13:52:21 +0000] "GET /shop/heteroinfection/syndeton66019168866.html HTTP/1.1" 200 27978 "-" "Mozilla/5.0 (Linux; Android 6.0.1; Nexus 5X Build/MMB29P) AppleWebKit/537.36 (KHTML, like Gecko) Chrome/143.0.7499.192 Mobile Safari/537.36 (compatible; Googlebot/2.1; +http://www.google.com/bot.html)"
66.249.66.71 - - [22/Jan/2026:13:52:26 +0000] "GET /?j=ft8thxwbxiomna5_gkind14524030 HTTP/1.1" 404 36020 "-" "Mozilla/5.0 (Linux; Android 6.0.1; Nexus 5X Build/MMB29P) AppleWebKit/537.36 (KHTML, like Gecko) Chrome/143.0.7499.192 Mobile Safari/537.36 (compatible; GoogleOther)"
66.249.66.70 - - [22/Jan/2026:13:52:35 +0000] "GET /?j=fs7c48vbkqzlcxg_gkind14523982 HTTP/1.1" 404 36018 "-" "Mozilla/5.0 (Linux; Android 6.0.1; Nexus 5X Build/MMB29P) AppleWebKit/537.36 (KHTML, like Gecko) Chrome/143.0.7499.192 Mobile Safari/537.36 (compatible; GoogleOther)"
66.249.66.7 - - [22/Jan/2026:13:52:38 +0000] "GET /?j=e6qtzfemfze0vcv HTTP/1.1" 404 36020 "-" "Mozilla/5.0 (Linux; Android 6.0.1; Nexus 5X Build/MMB29P) AppleWebKit/537.36 (KHTML, like Gecko) Chrome/143.0.7499.192 Mobile Safari/537.36 (compatible; GoogleOther)"
66.249.66.162 - - [22/Jan/2026:13:52:34 +0000] "GET /shop/upgrows/seron15952241673.html HTTP/1.1" 200 27147 "-" "Mozilla/5.0 (Linux; Android 6.0.1; Nexus 5X Build/MMB29P) AppleWebKit/537.36 (KHTML, like Gecko) Chrome/143.0.7499.192 Mobile Safari/537.36 (compatible; Googlebot/2.1; +http://www.google.com/bot.html)"
66.249.66.43 - - [22/Jan/2026:13:52:44 +0000] "GET /?j=e5ay7byznvy8u8f HTTP/1.1" 404 36020 "-" "Mozilla/5.0 (Linux; Android 6.0.1; Nexus 5X Build/MMB29P) AppleWebKit/537.36 (KHTML, like Gecko) Chrome/143.0.7499.192 Mobile Safari/537.36 (compatible; GoogleOther)"
66.249.66.72 - - [22/Jan/2026:13:52:54 +0000] "GET /?j=es3iogr040rped8 HTTP/1.1" 404 36020 "-" "Mozilla/5.0 (Linux; Android 6.0.1; Nexus 5X Build/MMB29P) AppleWebKit/537.36 (KHTML, like Gecko) Chrome/143.0.7499.192 Mobile Safari/537.36 (compatible; GoogleOther)"
66.249.66.201 - - [22/Jan/2026:13:52:57 +0000] "GET /?j=ekjrgk72w47hoho HTTP/1.1" 404 36020 "-" "Mozilla/5.0 (Linux; Android 6.0.1; Nexus 5X Build/MMB29P) AppleWebKit/537.36 (KHTML, like Gecko) Chrome/143.0.7499.192 Mobile Safari/537.36 (compatible; GoogleOther)"
66.249.66.161 - - [22/Jan/2026:13:53:25 +0000] "GET /shop/trending/bonzian23070272939.html HTTP/1.1" 200 26662 "-" "Mozilla/5.0 (Linux; Android 6.0.1; Nexus 5X Build/MMB29P) AppleWebKit/537.36 (KHTML, like Gecko) Chrome/143.0.7499.192 Mobile Safari/537.36 (compatible; Googlebot/2.1; +http://www.google.com/bot.html)"
66.249.66.70 - - [22/Jan/2026:13:53:45 +0000] "GET /?j=evw35lk4l5k65i1_gkind14523994 HTTP/1.1" 404 36018 "-" "Mozilla/5.0 (Linux; Android 6.0.1; Nexus 5X Build/MMB29P) AppleWebKit/537.36 (KHTML, like Gecko) Chrome/143.0.7499.192 Mobile Safari/537.36 (compatible; GoogleOther)"
66.249.66.43 - - [22/Jan/2026:13:54:04 +0000] "GET /?j=egws5lkbl5k66i1 HTTP/1.1" 404 36020 "-" "Mozilla/5.0 (Linux; Android 6.0.1; Nexus 5X Build/MMB29P) AppleWebKit/537.36 (KHTML, like Gecko) Chrome/143.0.7499.192 Mobile Safari/537.36 (compatible; GoogleOther)"
66.249.66.201 - - [22/Jan/2026:13:54:13 +0000] "GET /?j=eo5meutguetfgra_gkind14523994 HTTP/1.1" 404 36018 "-" "Mozilla/5.0 (Linux; Android 6.0.1; Nexus 5X Build/MMB29P) AppleWebKit/537.36 (KHTML, like Gecko) Chrome/143.0.7499.192 Mobile Safari/537.36 (compatible; GoogleOther)"
66.249.66.7 - - [22/Jan/2026:13:54:16 +0000] "GET /?j=fljhgk7bwwbxk9s_gkind14524006 HTTP/1.1" 404 36020 "-" "Mozilla/5.0 (Linux; Android 6.0.1; Nexus 5X Build/MMB29P) AppleWebKit/537.36 (KHTML, like Gecko) Chrome/143.0.7499.192 Mobile Safari/537.36 (compatible; GoogleOther)"
66.249.66.161 - - [22/Jan/2026:13:54:23 +0000] "GET /?j=fy7b48vbk2zlcxg_gkind14524006 HTTP/1.1" 404 36018 "-" "Mozilla/5.0 (Linux; Android 6.0.1; Nexus 5X Build/MMB29P) AppleWebKit/537.36 (KHTML, like Gecko) Chrome/143.0.7499.192 Mobile Safari/537.36 (compatible; GoogleOther)"
66.249.66.7 - - [22/Jan/2026:13:54:26 +0000] "GET /?j=eoenn3273n2o40j HTTP/1.1" 404 36018 "-" "Mozilla/5.0 (Linux; Android 6.0.1; Nexus 5X Build/MMB29P) AppleWebKit/537.36 (KHTML, like Gecko) Chrome/143.0.7499.192 Mobile Safari/537.36 (compatible; GoogleOther)"
66.249.66.70 - - [22/Jan/2026:13:54:33 +0000] "GET /?j=ex0lldoj1xomka5_gkind14524002 HTTP/1.1" 404 36020 "-" "Mozilla/5.0 (Linux; Android 6.0.1; Nexus 5X Build/MMB29P) AppleWebKit/537.36 (KHTML, like Gecko) Chrome/143.0.7499.192 Mobile Safari/537.36 (compatible; GoogleOther)"
66.249.66.201 - - [22/Jan/2026:13:54:35 +0000] "GET /?j=futw2ihbiq976vq_gkind14524006 HTTP/1.1" 404 36020 "-" "Mozilla/5.0 (Linux; Android 6.0.1; Nexus 5X Build/MMB29P) AppleWebKit/537.36 (KHTML, like Gecko) Chrome/143.0.7499.192 Mobile Safari/537.36 (compatible; GoogleOther)"
66.249.66.7 - - [22/Jan/2026:13:54:42 +0000] "GET /?j=futw2ihbiq976vq_gkind14524002 HTTP/1.1" 404 36020 "-" "Mozilla/5.0 (Linux; Android 6.0.1; Nexus 5X Build/MMB29P) AppleWebKit/537.36 (KHTML, like Gecko) Chrome/143.0.7499.192 Mobile Safari/537.36 (compatible; GoogleOther)"
66.249.66.7 - - [22/Jan/2026:13:52:40 +0000] "GET /shop/paranitrosophenol/inspiration4704394429.html HTTP/1.1" 200 27497 "-" "Mozilla/5.0 (Linux; Android 6.0.1; Nexus 5X Build/MMB29P) AppleWebKit/537.36 (KHTML, like Gecko) Chrome/143.0.7499.192 Mobile Safari/537.36 (compatible; Googlebot/2.1; +http://www.google.com/bot.html)"
66.249.66.9 - - [22/Jan/2026:13:53:03 +0000] "GET /?j=fqxdialbyh1blbi HTTP/1.1" 404 36020 "-" "Mozilla/5.0 (Linux; Android 6.0.1; Nexus 5X Build/MMB29P) AppleWebKit/537.36 (KHTML, like Gecko) Chrome/143.0.7499.192 Mobile Safari/537.36 (compatible; GoogleOther)"
66.249.66.201 - - [22/Jan/2026:13:53:06 +0000] "GET /?j=e2gkdh4wt14erel_gkind14523986 HTTP/1.1" 404 36020 "-" "Mozilla/5.0 (Linux; Android 6.0.1; Nexus 5X Build/MMB29P) AppleWebKit/537.36 (KHTML, like Gecko) Chrome/143.0.7499.192 Mobile Safari/537.36 (compatible; GoogleOther)"
66.249.66.43 - - [22/Jan/2026:13:53:25 +0000] "GET /?j=eroc91c9plcayyt_gkind14524022 HTTP/1.1" 404 36020 "-" "Mozilla/5.0 (Linux; Android 6.0.1; Nexus 5X Build/MMB29P) AppleWebKit/537.36 (KHTML, like Gecko) Chrome/143.0.7499.192 Mobile Safari/537.36 (compatible; GoogleOther)"
66.249.66.43 - - [22/Jan/2026:13:53:30 +0000] "GET /?j=favgswjb8ln9rl4_gkind14524010 HTTP/1.1" 404 36020 "-" "Mozilla/5.0 (Linux; Android 6.0.1; Nexus 5X Build/MMB29P) AppleWebKit/537.36 (KHTML, like Gecko) Chrome/143.0.7499.192 Mobile Safari/537.36 (compatible; GoogleOther)"
66.249.66.7 - - [22/Jan/2026:13:53:35 +0000] "GET /?j=evjbgk7zw47hzho HTTP/1.1" 404 36020 "-" "Mozilla/5.0 (Linux; Android 6.0.1; Nexus 5X Build/MMB29P) AppleWebKit/537.36 (KHTML, like Gecko) Chrome/143.0.7499.192 Mobile Safari/537.36 (compatible; GoogleOther)"
104.28.99.199 - - [22/Jan/2026:13:53:54 +0000] "GET /?j=ft1ty2pbe4tfyra HTTP/2" 200 562 "https://www.google.com/" "Mozilla/5.0 (iPhone; CPU iPhone OS 18_7 like Mac OS X) AppleWebKit/605.1.15 (KHTML, like Gecko) Version/26.2 Mobile/15E148 Safari/604.1"
66.249.66.7 - - [22/Jan/2026:13:53:58 +0000] "GET /shop/tuttiman/interpretations9912641853.html HTTP/1.1" 200 26775 "-" "Mozilla/5.0 (Linux; Android 6.0.1; Nexus 5X Build/MMB29P) AppleWebKit/537.36 (KHTML, like Gecko) Chrome/143.0.7499.192 Mobile Safari/537.36 (compatible; Googlebot/2.1; +http://www.google.com/bot.html)"
66.249.66.201 - - [22/Jan/2026:13:53:59 +0000] "GET /?j=er69rjuc73usjgb_gkind14524022 HTTP/1.1" 404 36020 "-" "Mozilla/5.0 (Linux; Android 6.0.1; Nexus 5X Build/MMB29P) AppleWebKit/537.36 (KHTML, like Gecko) Chrome/143.0.7499.192 Mobile Safari/537.36 (compatible; GoogleOther)"
104.28.99.199 - - [22/Jan/2026:13:54:05 +0000] "GET /?j=ft1ty2pbe4tfyra HTTP/2" 200 562 "https://www.google.com/" "Mozilla/5.0 (iPhone; CPU iPhone OS 18_7 like Mac OS X) AppleWebKit/605.1.15 (KHTML, like Gecko) Version/26.2 Mobile/15E148 Safari/604.1"
66.249.66.201 - - [22/Jan/2026:13:54:07 +0000] "GET /?j=e5oo91chplcaqyt_gkind14524026 HTTP/1.1" 404 36020 "-" "Mozilla/5.0 (Linux; Android 6.0.1; Nexus 5X Build/MMB29P) AppleWebKit/537.36 (KHTML, like Gecko) Chrome/143.0.7499.192 Mobile Safari/537.36 (compatible; GoogleOther)"
66.249.66.161 - - [22/Jan/2026:13:54:14 +0000] "GET /shop/nonfeatured/transferable38240279992.html HTTP/1.1" 200 26482 "-" "Mozilla/5.0 (Linux; Android 6.0.1; Nexus 5X Build/MMB29P) AppleWebKit/537.36 (KHTML, like Gecko) Chrome/143.0.7499.192 Mobile Safari/537.36 (compatible; Googlebot/2.1; +http://www.google.com/bot.html)"
66.249.66.202 - - [22/Jan/2026:13:54:52 +0000] "GET /?j=ffsbptgb5gk6ti1 HTTP/1.1" 404 36018 "-" "Mozilla/5.0 (Linux; Android 6.0.1; Nexus 5X Build/MMB29P) AppleWebKit/537.36 (KHTML, like Gecko) Chrome/143.0.7499.192 Mobile Safari/537.36 (compatible; GoogleOther)"
66.249.66.44 - - [22/Jan/2026:13:55:03 +0000] "GET /?j=ern1wcbxcwbxx9s HTTP/1.1" 404 36018 "-" "Mozilla/5.0 (Linux; Android 6.0.1; Nexus 5X Build/MMB29P) AppleWebKit/537.36 (KHTML, like Gecko) Chrome/143.0.7499.192 Mobile Safari/537.36 (compatible; GoogleOther)"
66.249.66.161 - - [22/Jan/2026:13:54:44 +0000] "GET /?j=e93togri40rpyd8_gkind14524010 HTTP/1.1" 404 36020 "-" "Mozilla/5.0 (Linux; Android 6.0.1; Nexus 5X Build/MMB29P) AppleWebKit/537.36 (KHTML, like Gecko) Chrome/143.0.7499.192 Mobile Safari/537.36 (compatible; GoogleOther)"
66.249.66.70 - - [22/Jan/2026:13:54:44 +0000] "GET /shop/molestation/mastoplastia84595109770.html HTTP/1.1" 200 26877 "-" "Mozilla/5.0 (Linux; Android 6.0.1; Nexus 5X Build/MMB29P) AppleWebKit/537.36 (KHTML, like Gecko) Chrome/143.0.7499.192 Mobile Safari/537.36 (compatible; Googlebot/2.1; +http://www.google.com/bot.html)"
66.249.66.201 - - [22/Jan/2026:13:54:46 +0000] "GET /shop/downthrown/roentgenize70819192602.html HTTP/1.1" 200 31573 "-" "Mozilla/5.0 (Linux; Android 6.0.1; Nexus 5X Build/MMB29P) AppleWebKit/537.36 (KHTML, like Gecko) Chrome/143.0.7499.192 Mobile Safari/537.36 (compatible; Googlebot/2.1; +http://www.google.com/bot.html)"
66.249.66.201 - - [22/Jan/2026:13:54:53 +0000] "GET /?j=fjgudh4btb8uc6p HTTP/1.1" 404 36020 "-" "Mozilla/5.0 (Linux; Android 6.0.1; Nexus 5X Build/MMB29P) AppleWebKit/537.36 (KHTML, like Gecko) Chrome/143.0.7499.192 Mobile Safari/537.36 (compatible; GoogleOther)"
66.249.66.7 - - [22/Jan/2026:13:54:57 +0000] "GET /shop/cheekbones/permissions66019110932.html HTTP/1.1" 200 27383 "-" "Mozilla/5.0 (Linux; Android 6.0.1; Nexus 5X Build/MMB29P) AppleWebKit/537.36 (KHTML, like Gecko) Chrome/143.0.7499.192 Mobile Safari/537.36 (compatible; Googlebot/2.1; +http://www.google.com/bot.html)"
66.249.66.72 - - [22/Jan/2026:13:55:01 +0000] "GET /?j=fjroc4fbs7v5z5c_gkind14523990 HTTP/1.1" 404 36018 "-" "Mozilla/5.0 (Linux; Android 6.0.1; Nexus 5X Build/MMB29P) AppleWebKit/537.36 (KHTML, like Gecko) Chrome/143.0.7499.192 Mobile Safari/537.36 (compatible; GoogleOther)"
66.249.66.201 - - [22/Jan/2026:13:55:20 +0000] "GET /?j=et0pldo81xom5a5 HTTP/1.1" 404 36020 "-" "Mozilla/5.0 (Linux; Android 6.0.1; Nexus 5X Build/MMB29P) AppleWebKit/537.36 (KHTML, like Gecko) Chrome/143.0.7499.192 Mobile Safari/537.36 (compatible; GoogleOther)"
66.249.66.7 - - [22/Jan/2026:13:55:30 +0000] "GET /?j=fhjegk7bw6bxa9s HTTP/1.1" 404 36018 "-" "Mozilla/5.0 (Linux; Android 6.0.1; Nexus 5X Build/MMB29P) AppleWebKit/537.36 (KHTML, like Gecko) Chrome/143.0.7499.192 Mobile Safari/537.36 (compatible; GoogleOther)"
66.249.66.8 - - [22/Jan/2026:13:55:39 +0000] "GET /?j=ez63rjuk73usngb_gkind14523986 HTTP/1.1" 404 36018 "-" "Mozilla/5.0 (Linux; Android 6.0.1; Nexus 5X Build/MMB29P) AppleWebKit/537.36 (KHTML, like Gecko) Chrome/143.0.7499.192 Mobile Safari/537.36 (compatible; GoogleOther)"
66.249.66.8 - - [22/Jan/2026:13:55:50 +0000] "GET /?j=e4t12ihdi2h3hfy_gkind14524014 HTTP/1.1" 404 36018 "-" "Mozilla/5.0 (Linux; Android 6.0.1; Nexus 5X Build/MMB29P) AppleWebKit/537.36 (KHTML, like Gecko) Chrome/143.0.7499.192 Mobile Safari/537.36 (compatible; GoogleOther)"
66.249.66.70 - - [22/Jan/2026:13:56:16 +0000] "GET /?j=ftynvzmbbfqcao7_gkind14523998 HTTP/1.1" 404 36018 "-" "Mozilla/5.0 (Linux; Android 6.0.1; Nexus 5X Build/MMB29P) AppleWebKit/537.36 (KHTML, like Gecko) Chrome/143.0.7499.192 Mobile Safari/537.36 (compatible; GoogleOther)"
66.249.66.70 - - [22/Jan/2026:13:56:28 +0000] "GET /?j=em0vldo31xomea5 HTTP/1.1" 404 36018 "-" "Mozilla/5.0 (Linux; Android 6.0.1; Nexus 5X Build/MMB29P) AppleWebKit/537.36 (KHTML, like Gecko) Chrome/143.0.7499.192 Mobile Safari/537.36 (compatible; GoogleOther)"
66.249.66.8 - - [22/Jan/2026:13:57:01 +0000] "GET /shop/preexposed/aluminosilicate47043131984.html HTTP/1.1" 200 26958 "-" "Mozilla/5.0 (Linux; Android 6.0.1; Nexus 5X Build/MMB29P) AppleWebKit/537.36 (KHTML, like Gecko) Chrome/143.0.7499.192 Mobile Safari/537.36 (compatible; Googlebot/2.1; +http://www.google.com/bot.html)"
137.184.163.178 - - [22/Jan/2026:13:57:04 +0000] "GET / HTTP/1.1" 401 53 "-" "Mozilla/5.0 (X11; Linux x86_64) AppleWebKit/537.36 (KHTML, like Gecko) Chrome/142.0.0.0 Safari/537.36"
66.249.66.162 - - [22/Jan/2026:13:55:11 +0000] "GET /?j=ea95umx3a6xvzje HTTP/1.1" 404 36018 "-" "Mozilla/5.0 (Linux; Android 6.0.1; Nexus 5X Build/MMB29P) AppleWebKit/537.36 (KHTML, like Gecko) Chrome/143.0.7499.192 Mobile Safari/537.36 (compatible; GoogleOther)"
66.249.66.8 - - [22/Jan/2026:13:55:12 +0000] "GET /?j=ed4e15szhps2k29 HTTP/1.1" 404 36018 "-" "Mozilla/5.0 (Linux; Android 6.0.1; Nexus 5X Build/MMB29P) AppleWebKit/537.36 (KHTML, like Gecko) Chrome/143.0.7499.192 Mobile Safari/537.36 (compatible; GoogleOther)"
66.249.66.201 - - [22/Jan/2026:13:55:16 +0000] "GET /shop/cosmopolitans/imagism6601968176.html HTTP/1.1" 200 27092 "-" "Mozilla/5.0 (Linux; Android 6.0.1; Nexus 5X Build/MMB29P) AppleWebKit/537.36 (KHTML, like Gecko) Chrome/143.0.7499.192 Mobile Safari/537.36 (compatible; Googlebot/2.1; +http://www.google.com/bot.html)"
66.249.66.7 - - [22/Jan/2026:13:55:22 +0000] "GET /?j=e3wl5lkbl5k6wi1_gkind14524022 HTTP/1.1" 404 36020 "-" "Mozilla/5.0 (Linux; Android 6.0.1; Nexus 5X Build/MMB29P) AppleWebKit/537.36 (KHTML, like Gecko) Chrome/143.0.7499.192 Mobile Safari/537.36 (compatible; GoogleOther)"
66.249.66.7 - - [22/Jan/2026:13:55:22 +0000] "GET /shop/subjectedly/phytocide47043187203.html HTTP/1.1" 200 26577 "-" "Mozilla/5.0 (Linux; Android 6.0.1; Nexus 5X Build/MMB29P) AppleWebKit/537.36 (KHTML, like Gecko) Chrome/143.0.7499.192 Mobile Safari/537.36 (compatible; Googlebot/2.1; +http://www.google.com/bot.html)"
66.249.66.161 - - [22/Jan/2026:13:55:28 +0000] "GET /shop/palaeoniscum/coxcombries66019104514.html HTTP/1.1" 200 26183 "-" "Mozilla/5.0 (Linux; Android 6.0.1; Nexus 5X Build/MMB29P) AppleWebKit/537.36 (KHTML, like Gecko) Chrome/143.0.7499.192 Mobile Safari/537.36 (compatible; Googlebot/2.1; +http://www.google.com/bot.html)"
66.249.66.43 - - [22/Jan/2026:13:55:32 +0000] "GET /?j=evw25lkyl5k6bi1 HTTP/1.1" 404 36020 "-" "Mozilla/5.0 (Linux; Android 6.0.1; Nexus 5X Build/MMB29P) AppleWebKit/537.36 (KHTML, like Gecko) Chrome/143.0.7499.192 Mobile Safari/537.36 (compatible; GoogleOther)"
66.249.66.71 - - [22/Jan/2026:13:55:41 +0000] "GET /?j=eb92umx0a6xv6je HTTP/1.1" 404 36018 "-" "Mozilla/5.0 (Linux; Android 6.0.1; Nexus 5X Build/MMB29P) AppleWebKit/537.36 (KHTML, like Gecko) Chrome/143.0.7499.192 Mobile Safari/537.36 (compatible; GoogleOther)"
66.249.66.201 - - [22/Jan/2026:13:55:59 +0000] "GET /?j=finuwcbbcf31xpk HTTP/1.1" 404 36020 "-" "Mozilla/5.0 (Linux; Android 6.0.1; Nexus 5X Build/MMB29P) AppleWebKit/537.36 (KHTML, like Gecko) Chrome/143.0.7499.192 Mobile Safari/537.36 (compatible; GoogleOther)"
66.249.66.7 - - [22/Jan/2026:13:56:09 +0000] "GET /?j=elkxt9839t8uo6p HTTP/1.1" 404 36020 "-" "Mozilla/5.0 (Linux; Android 6.0.1; Nexus 5X Build/MMB29P) AppleWebKit/537.36 (KHTML, like Gecko) Chrome/143.0.7499.192 Mobile Safari/537.36 (compatible; GoogleOther)"
66.249.66.7 - - [22/Jan/2026:13:56:18 +0000] "GET /?j=e6z98on4o8n9al4_gkind14524022 HTTP/1.1" 404 36020 "-" "Mozilla/5.0 (Linux; Android 6.0.1; Nexus 5X Build/MMB29P) AppleWebKit/537.36 (KHTML, like Gecko) Chrome/143.0.7499.192 Mobile Safari/537.36 (compatible; GoogleOther)"
66.249.66.7 - - [22/Jan/2026:13:56:47 +0000] "GET /?j=emrmc4fjsofdx1w HTTP/1.1" 404 36020 "-" "Mozilla/5.0 (Linux; Android 6.0.1; Nexus 5X Build/MMB29P) AppleWebKit/537.36 (KHTML, like Gecko) Chrome/143.0.7499.192 Mobile Safari/537.36 (compatible; GoogleOther)"
66.249.66.161 - - [22/Jan/2026:13:56:56 +0000] "GET /?j=e8esn32s3n2ol0j HTTP/1.1" 404 36020 "-" "Mozilla/5.0 (Linux; Android 6.0.1; Nexus 5X Build/MMB29P) AppleWebKit/537.36 (KHTML, like Gecko) Chrome/143.0.7499.192 Mobile Safari/537.36 (compatible; GoogleOther)"
66.249.66.7 - - [22/Jan/2026:13:57:02 +0000] "GET /?j=fsygvzmbbxqcuo7 HTTP/1.1" 404 36020 "-" "Mozilla/5.0 (Linux; Android 6.0.1; Nexus 5X Build/MMB29P) AppleWebKit/537.36 (KHTML, like Gecko) Chrome/143.0.7499.192 Mobile Safari/537.36 (compatible; GoogleOther)"
66.249.66.71 - - [22/Jan/2026:13:57:06 +0000] "GET /?j=emqyzfewfze09cv_gkind14524030 HTTP/1.1" 404 36018 "-" "Mozilla/5.0 (Linux; Android 6.0.1; Nexus 5X Build/MMB29P) AppleWebKit/537.36 (KHTML, like Gecko) Chrome/143.0.7499.192 Mobile Safari/537.36 (compatible; GoogleOther)"
66.249.66.161 - - [22/Jan/2026:13:57:25 +0000] "GET /?j=ez63rjuk73usngb_gkind14524026 HTTP/1.1" 404 36020 "-" "Mozilla/5.0 (Linux; Android 6.0.1; Nexus 5X Build/MMB29P) AppleWebKit/537.36 (KHTML, like Gecko) Chrome/143.0.7499.192 Mobile Safari/537.36 (compatible; GoogleOther)"
66.249.66.43 - - [22/Jan/2026:13:57:35 +0000] "GET /?j=fg0gldob1t4ewel HTTP/1.1" 404 36020 "-" "Mozilla/5.0 (Linux; Android 6.0.1; Nexus 5X Build/MMB29P) AppleWebKit/537.36 (KHTML, like Gecko) Chrome/143.0.7499.192 Mobile Safari/537.36 (compatible; GoogleOther)"
66.249.66.70 - - [22/Jan/2026:13:57:54 +0000] "GET /?j=fzwc5lkbloca5yt_gkind14524026 HTTP/1.1" 404 36020 "-" "Mozilla/5.0 (Linux; Android 6.0.1; Nexus 5X Build/MMB29P) AppleWebKit/537.36 (KHTML, like Gecko) Chrome/143.0.7499.192 Mobile Safari/537.36 (compatible; GoogleOther)"
66.249.66.201 - - [22/Jan/2026:13:57:57 +0000] "GET /?j=erjxgk7mw47huho_gkind14524006 HTTP/1.1" 404 36020 "-" "Mozilla/5.0 (Linux; Android 6.0.1; Nexus 5X Build/MMB29P) AppleWebKit/537.36 (KHTML, like Gecko) Chrome/143.0.7499.192 Mobile Safari/537.36 (compatible; GoogleOther)"
66.249.66.163 - - [22/Jan/2026:13:58:03 +0000] "GET /?j=fbkxt98b9r0ywmh HTTP/1.1" 404 36018 "-" "Mozilla/5.0 (Linux; Android 6.0.1; Nexus 5X Build/MMB29P) AppleWebKit/537.36 (KHTML, like Gecko) Chrome/143.0.7499.192 Mobile Safari/537.36 (compatible; GoogleOther)"
66.249.66.44 - - [22/Jan/2026:13:58:09 +0000] "GET /?j=dov5swjq8gjt1t0_gkind14524010 HTTP/1.1" 404 36020 "-" "Mozilla/5.0 (Linux; Android 6.0.1; Nexus 5X Build/MMB29P) AppleWebKit/537.36 (KHTML, like Gecko) Chrome/143.0.7499.192 Mobile Safari/537.36 (compatible; GoogleOther)"
66.249.66.161 - - [22/Jan/2026:13:58:13 +0000] "GET /?j=er69rjuc73usjgb_gkind14523994 HTTP/1.1" 404 36020 "-" "Mozilla/5.0 (Linux; Android 6.0.1; Nexus 5X Build/MMB29P) AppleWebKit/537.36 (KHTML, like Gecko) Chrome/143.0.7499.192 Mobile Safari/537.36 (compatible; GoogleOther)"
66.249.66.201 - - [22/Jan/2026:13:58:23 +0000] "GET /?j=ecqlzfexfze06cv HTTP/1.1" 404 36020 "-" "Mozilla/5.0 (Linux; Android 6.0.1; Nexus 5X Build/MMB29P) AppleWebKit/537.36 (KHTML, like Gecko) Chrome/143.0.7499.192 Mobile Safari/537.36 (compatible; GoogleOther)"
66.249.66.43 - - [22/Jan/2026:13:58:23 +0000] "GET /shop/xenial/capablest70819187530.html HTTP/1.1" 200 26568 "-" "Mozilla/5.0 (Linux; Android 6.0.1; Nexus 5X Build/MMB29P) AppleWebKit/537.36 (KHTML, like Gecko) Chrome/143.0.7499.192 Mobile Safari/537.36 (compatible; Googlebot/2.1; +http://www.google.com/bot.html)"
66.249.66.7 - - [22/Jan/2026:13:58:25 +0000] "GET /?j=eka57byxnvy8y8f HTTP/1.1" 200 26040 "-" "Mozilla/5.0 (Linux; Android 6.0.1; Nexus 5X Build/MMB29P) AppleWebKit/537.36 (KHTML, like Gecko) Chrome/143.0.7499.192 Mobile Safari/537.36 (compatible; Googlebot/2.1; +http://www.google.com/bot.html)"
66.249.66.7 - - [22/Jan/2026:13:58:31 +0000] "GET /?j=e2gkdh4wt14erel_gkind14524018 HTTP/1.1" 200 26798 "-" "Mozilla/5.0 (Linux; Android 6.0.1; Nexus 5X Build/MMB29P) AppleWebKit/537.36 (KHTML, like Gecko) Chrome/143.0.7499.192 Mobile Safari/537.36 (compatible; Googlebot/2.1; +http://www.google.com/bot.html)"
66.249.66.70 - - [22/Jan/2026:13:58:32 +0000] "GET /?j=e55zeutnuetfdra HTTP/1.1" 404 36018 "-" "Mozilla/5.0 (Linux; Android 6.0.1; Nexus 5X Build/MMB29P) AppleWebKit/537.36 (KHTML, like Gecko) Chrome/143.0.7499.192 Mobile Safari/537.36 (compatible; GoogleOther)"
66.249.66.161 - - [22/Jan/2026:13:58:40 +0000] "GET /?j=e2gkdh4wt14erel_gkind14523978 HTTP/1.1" 200 26805 "-" "Mozilla/5.0 (Linux; Android 6.0.1; Nexus 5X Build/MMB29P) AppleWebKit/537.36 (KHTML, like Gecko) Chrome/143.0.7499.192 Mobile Safari/537.36 (compatible; Googlebot/2.1; +http://www.google.com/bot.html)"
137.184.163.178 - - [22/Jan/2026:13:57:06 +0000] "GET /favicon.ico HTTP/1.1" 401 53 "https://cpcontacts.askalexjones.com/" "Mozilla/5.0 (X11; Linux x86_64) AppleWebKit/537.36 (KHTML, like Gecko) Chrome/142.0.0.0 Safari/537.36"
66.249.66.7 - - [22/Jan/2026:13:57:15 +0000] "GET /?j=fpkbt98b9e0yjmh HTTP/1.1" 404 36020 "-" "Mozilla/5.0 (Linux; Android 6.0.1; Nexus 5X Build/MMB29P) AppleWebKit/537.36 (KHTML, like Gecko) Chrome/143.0.7499.192 Mobile Safari/537.36 (compatible; GoogleOther)"
66.249.66.43 - - [22/Jan/2026:13:57:21 +0000] "GET /?j=fo5ceutbupljx72 HTTP/1.1" 404 36018 "-" "Mozilla/5.0 (Linux; Android 6.0.1; Nexus 5X Build/MMB29P) AppleWebKit/537.36 (KHTML, like Gecko) Chrome/143.0.7499.192 Mobile Safari/537.36 (compatible; GoogleOther)"
66.249.66.70 - - [22/Jan/2026:13:57:30 +0000] "GET /?j=fzruc4fbsav565c HTTP/1.1" 404 36020 "-" "Mozilla/5.0 (Linux; Android 6.0.1; Nexus 5X Build/MMB29P) AppleWebKit/537.36 (KHTML, like Gecko) Chrome/143.0.7499.192 Mobile Safari/537.36 (compatible; GoogleOther)"
66.249.66.7 - - [22/Jan/2026:13:57:39 +0000] "GET /?j=e1yrvzmzbjmwqw3 HTTP/1.1" 404 36020 "-" "Mozilla/5.0 (Linux; Android 6.0.1; Nexus 5X Build/MMB29P) AppleWebKit/537.36 (KHTML, like Gecko) Chrome/143.0.7499.192 Mobile Safari/537.36 (compatible; GoogleOther)"
66.249.66.161 - - [22/Jan/2026:13:57:48 +0000] "GET /?j=fatd2ihbii97avq HTTP/1.1" 404 36020 "-" "Mozilla/5.0 (Linux; Android 6.0.1; Nexus 5X Build/MMB29P) AppleWebKit/537.36 (KHTML, like Gecko) Chrome/143.0.7499.192 Mobile Safari/537.36 (compatible; GoogleOther)"
66.249.66.43 - - [22/Jan/2026:13:58:16 +0000] "GET /?j=e9hhq65v6q5rp3m_gkind14524010 HTTP/1.1" 404 36018 "-" "Mozilla/5.0 (Linux; Android 6.0.1; Nexus 5X Build/MMB29P) AppleWebKit/537.36 (KHTML, like Gecko) Chrome/143.0.7499.192 Mobile Safari/537.36 (compatible; GoogleOther)"
66.249.66.161 - - [22/Jan/2026:13:58:25 +0000] "GET /?j=f1ydvzmbbqqc9o7_gkind14523990 HTTP/1.1" 404 36020 "-" "Mozilla/5.0 (Linux; Android 6.0.1; Nexus 5X Build/MMB29P) AppleWebKit/537.36 (KHTML, like Gecko) Chrome/143.0.7499.192 Mobile Safari/537.36 (compatible; GoogleOther)"
66.249.66.7 - - [22/Jan/2026:13:58:34 +0000] "GET /?j=ft5feutbupljb72 HTTP/1.1" 404 36018 "-" "Mozilla/5.0 (Linux; Android 6.0.1; Nexus 5X Build/MMB29P) AppleWebKit/537.36 (KHTML, like Gecko) Chrome/143.0.7499.192 Mobile Safari/537.36 (compatible; GoogleOther)"
66.249.66.8 - - [22/Jan/2026:13:58:45 +0000] "GET /?j=e2ip3v66jf64fsn HTTP/1.1" 404 36018 "-" "Mozilla/5.0 (Linux; Android 6.0.1; Nexus 5X Build/MMB29P) AppleWebKit/537.36 (KHTML, like Gecko) Chrome/143.0.7499.192 Mobile Safari/537.36 (compatible; GoogleOther)"
66.249.66.162 - - [22/Jan/2026:13:58:51 +0000] "GET /?j=fkt12ihbiq97qvq_gkind14524006 HTTP/1.1" 404 36020 "-" "Mozilla/5.0 (Linux; Android 6.0.1; Nexus 5X Build/MMB29P) AppleWebKit/537.36 (KHTML, like Gecko) Chrome/143.0.7499.192 Mobile Safari/537.36 (compatible; GoogleOther)"
66.249.66.7 - - [22/Jan/2026:13:58:53 +0000] "GET /?j=e1d9ae1yqy1bsbi HTTP/1.1" 404 36018 "-" "Mozilla/5.0 (Linux; Android 6.0.1; Nexus 5X Build/MMB29P) AppleWebKit/537.36 (KHTML, like Gecko) Chrome/143.0.7499.192 Mobile Safari/537.36 (compatible; GoogleOther)"
66.249.66.71 - - [22/Jan/2026:13:58:56 +0000] "GET /?j=e2gkdh4wt14erel_gkind14523998 HTTP/1.1" 200 26604 "-" "Mozilla/5.0 (Linux; Android 6.0.1; Nexus 5X Build/MMB29P) AppleWebKit/537.36 (KHTML, like Gecko) Chrome/143.0.7499.192 Mobile Safari/537.36 (compatible; Googlebot/2.1; +http://www.google.com/bot.html)"
66.249.66.9 - - [22/Jan/2026:13:59:01 +0000] "GET /?j=fuii3v6bj3mwgw3 HTTP/1.1" 404 36020 "-" "Mozilla/5.0 (Linux; Android 6.0.1; Nexus 5X Build/MMB29P) AppleWebKit/537.36 (KHTML, like Gecko) Chrome/143.0.7499.192 Mobile Safari/537.36 (compatible; GoogleOther)"
66.249.66.202 - - [22/Jan/2026:13:59:03 +0000] "GET /?j=ek4k15s5hps2o29 HTTP/1.1" 404 36020 "-" "Mozilla/5.0 (Linux; Android 6.0.1; Nexus 5X Build/MMB29P) AppleWebKit/537.36 (KHTML, like Gecko) Chrome/143.0.7499.192 Mobile Safari/537.36 (compatible; GoogleOther)"
66.249.66.161 - - [22/Jan/2026:13:59:12 +0000] "GET /?j=fc5aeutbu6lj672_gkind14523998 HTTP/1.1" 404 36018 "-" "Mozilla/5.0 (Linux; Android 6.0.1; Nexus 5X Build/MMB29P) AppleWebKit/537.36 (KHTML, like Gecko) Chrome/143.0.7499.192 Mobile Safari/537.36 (compatible; GoogleOther)"
66.249.66.7 - - [22/Jan/2026:13:59:22 +0000] "GET /?j=ev0uldo51xomya5 HTTP/1.1" 404 36018 "-" "Mozilla/5.0 (Linux; Android 6.0.1; Nexus 5X Build/MMB29P) AppleWebKit/537.36 (KHTML, like Gecko) Chrome/143.0.7499.192 Mobile Safari/537.36 (compatible; GoogleOther)"
66.249.66.7 - - [22/Jan/2026:13:59:22 +0000] "GET /?j=e2gkdh4wt14erel_gkind14523982 HTTP/1.1" 200 26692 "-" "Mozilla/5.0 (Linux; Android 6.0.1; Nexus 5X Build/MMB29P) AppleWebKit/537.36 (KHTML, like Gecko) Chrome/143.0.7499.192 Mobile Safari/537.36 (compatible; Googlebot/2.1; +http://www.google.com/bot.html)"
66.249.66.201 - - [22/Jan/2026:13:59:29 +0000] "GET /?j=erfq0s31gc315pk_gkind14523998 HTTP/1.1" 404 36020 "-" "Mozilla/5.0 (Linux; Android 6.0.1; Nexus 5X Build/MMB29P) AppleWebKit/537.36 (KHTML, like Gecko) Chrome/143.0.7499.192 Mobile Safari/537.36 (compatible; GoogleOther)"
66.249.66.161 - - [22/Jan/2026:13:59:30 +0000] "GET /?j=e8jpgk7lw47hvho HTTP/1.1" 200 26242 "-" "Mozilla/5.0 (Linux; Android 6.0.1; Nexus 5X Build/MMB29P) AppleWebKit/537.36 (KHTML, like Gecko) Chrome/143.0.7499.192 Mobile Safari/537.36 (compatible; Googlebot/2.1; +http://www.google.com/bot.html)"
66.249.66.43 - - [22/Jan/2026:13:59:40 +0000] "GET /?j=epbtk0zh0kzlxxg HTTP/1.1" 200 27045 "-" "Mozilla/5.0 (Linux; Android 6.0.1; Nexus 5X Build/MMB29P) AppleWebKit/537.36 (KHTML, like Gecko) Chrome/143.0.7499.192 Mobile Safari/537.36 (compatible; Googlebot/2.1; +http://www.google.com/bot.html)"
66.249.66.8 - - [22/Jan/2026:13:59:45 +0000] "GET /?j=dfmajnawz7akakr HTTP/1.1" 200 25958 "-" "Mozilla/5.0 (Linux; Android 6.0.1; Nexus 5X Build/MMB29P) AppleWebKit/537.36 (KHTML, like Gecko) Chrome/143.0.7499.192 Mobile Safari/537.36 (compatible; Googlebot/2.1; +http://www.google.com/bot.html)"
66.249.66.8 - - [22/Jan/2026:13:59:57 +0000] "GET /?j=eluzf7i5vrigc4z HTTP/1.1" 404 36020 "-" "Mozilla/5.0 (Linux; Android 6.0.1; Nexus 5X Build/MMB29P) AppleWebKit/537.36 (KHTML, like Gecko) Chrome/143.0.7499.192 Mobile Safari/537.36 (compatible; GoogleOther)"
66.249.66.70 - - [22/Jan/2026:14:00:06 +0000] "GET /?j=ee1uy2pyempz2z6_gkind14524002 HTTP/1.1" 404 36020 "-" "Mozilla/5.0 (Linux; Android 6.0.1; Nexus 5X Build/MMB29P) AppleWebKit/537.36 (KHTML, like Gecko) Chrome/143.0.7499.192 Mobile Safari/537.36 (compatible; GoogleOther)"
66.249.66.43 - - [22/Jan/2026:14:00:08 +0000] "GET /shop/antapex/longirostral15952303801.html HTTP/1.1" 200 26135 "-" "Mozilla/5.0 (Linux; Android 6.0.1; Nexus 5X Build/MMB29P) AppleWebKit/537.36 (KHTML, like Gecko) Chrome/143.0.7499.192 Mobile Safari/537.36 (compatible; Googlebot/2.1; +http://www.google.com/bot.html)"
66.249.66.161 - - [22/Jan/2026:14:00:11 +0000] "GET /?j=eroc91c9plcayyt_gkind14523990 HTTP/1.1" 200 28147 "-" "Mozilla/5.0 (Linux; Android 6.0.1; Nexus 5X Build/MMB29P) AppleWebKit/537.36 (KHTML, like Gecko) Chrome/143.0.7499.192 Mobile Safari/537.36 (compatible; Googlebot/2.1; +http://www.google.com/bot.html)"
66.249.66.7 - - [22/Jan/2026:14:00:24 +0000] "GET /?j=ftpkmqdb26h3sfy_gkind14523998 HTTP/1.1" 404 36018 "-" "Mozilla/5.0 (Linux; Android 6.0.1; Nexus 5X Build/MMB29P) AppleWebKit/537.36 (KHTML, like Gecko) Chrome/143.0.7499.192 Mobile Safari/537.36 (compatible; GoogleOther)"
66.249.66.7 - - [22/Jan/2026:14:00:27 +0000] "GET /?j=eroc91c9plcayyt_gkind14524018 HTTP/1.1" 200 28051 "-" "Mozilla/5.0 (Linux; Android 6.0.1; Nexus 5X Build/MMB29P) AppleWebKit/537.36 (KHTML, like Gecko) Chrome/143.0.7499.192 Mobile Safari/537.36 (compatible; Googlebot/2.1; +http://www.google.com/bot.html)"
66.249.66.70 - - [22/Jan/2026:14:00:37 +0000] "GET /?j=eroc91c9plcayyt_gkind14523994 HTTP/1.1" 200 28156 "-" "Mozilla/5.0 (Linux; Android 6.0.1; Nexus 5X Build/MMB29P) AppleWebKit/537.36 (KHTML, like Gecko) Chrome/143.0.7499.192 Mobile Safari/537.36 (compatible; Googlebot/2.1; +http://www.google.com/bot.html)"
66.249.66.7 - - [22/Jan/2026:13:58:42 +0000] "GET /?j=f0fa0s3bgzjtdt0 HTTP/1.1" 404 36020 "-" "Mozilla/5.0 (Linux; Android 6.0.1; Nexus 5X Build/MMB29P) AppleWebKit/537.36 (KHTML, like Gecko) Chrome/143.0.7499.192 Mobile Safari/537.36 (compatible; GoogleOther)"
66.249.66.162 - - [22/Jan/2026:13:58:47 +0000] "GET /?j=e2gkdh4wt14erel_gkind14523990 HTTP/1.1" 200 26677 "-" "Mozilla/5.0 (Linux; Android 6.0.1; Nexus 5X Build/MMB29P) AppleWebKit/537.36 (KHTML, like Gecko) Chrome/143.0.7499.192 Mobile Safari/537.36 (compatible; Googlebot/2.1; +http://www.google.com/bot.html)"
66.249.66.70 - - [22/Jan/2026:13:59:06 +0000] "GET /?j=fpccxp0bdlgqeqx HTTP/1.1" 200 28298 "-" "Mozilla/5.0 (Linux; Android 6.0.1; Nexus 5X Build/MMB29P) AppleWebKit/537.36 (KHTML, like Gecko) Chrome/143.0.7499.192 Mobile Safari/537.36 (compatible; Googlebot/2.1; +http://www.google.com/bot.html)"
66.249.66.43 - - [22/Jan/2026:13:59:10 +0000] "GET /?j=f8dbae1bq25ra3m HTTP/1.1" 404 36020 "-" "Mozilla/5.0 (Linux; Android 6.0.1; Nexus 5X Build/MMB29P) AppleWebKit/537.36 (KHTML, like Gecko) Chrome/143.0.7499.192 Mobile Safari/537.36 (compatible; GoogleOther)"
66.249.66.43 - - [22/Jan/2026:13:59:14 +0000] "GET /?j=e2gkdh4wt14erel_gkind14524010 HTTP/1.1" 200 26880 "-" "Mozilla/5.0 (Linux; Android 6.0.1; Nexus 5X Build/MMB29P) AppleWebKit/537.36 (KHTML, like Gecko) Chrome/143.0.7499.192 Mobile Safari/537.36 (compatible; Googlebot/2.1; +http://www.google.com/bot.html)"
66.249.66.70 - - [22/Jan/2026:13:59:38 +0000] "GET /?j=eo5deut9uetfxra HTTP/1.1" 404 36018 "-" "Mozilla/5.0 (Linux; Android 6.0.1; Nexus 5X Build/MMB29P) AppleWebKit/537.36 (KHTML, like Gecko) Chrome/143.0.7499.192 Mobile Safari/537.36 (compatible; GoogleOther)"
66.249.66.162 - - [22/Jan/2026:13:59:48 +0000] "GET /?j=epp1mqd32adn9nu HTTP/1.1" 404 36020 "-" "Mozilla/5.0 (Linux; Android 6.0.1; Nexus 5X Build/MMB29P) AppleWebKit/537.36 (KHTML, like Gecko) Chrome/143.0.7499.192 Mobile Safari/537.36 (compatible; GoogleOther)"
66.249.66.44 - - [22/Jan/2026:13:59:52 +0000] "GET /shop/upwork/preenabled53703125561.html HTTP/1.1" 200 27172 "-" "Mozilla/5.0 (Linux; Android 6.0.1; Nexus 5X Build/MMB29P) AppleWebKit/537.36 (KHTML, like Gecko) Chrome/143.0.7499.192 Mobile Safari/537.36 (compatible; Googlebot/2.1; +http://www.google.com/bot.html)"
66.249.66.44 - - [22/Jan/2026:13:59:56 +0000] "GET /?j=eeo491c0plcaryt HTTP/1.1" 200 28106 "-" "Mozilla/5.0 (Linux; Android 6.0.1; Nexus 5X Build/MMB29P) AppleWebKit/537.36 (KHTML, like Gecko) Chrome/143.0.7499.192 Mobile Safari/537.36 (compatible; Googlebot/2.1; +http://www.google.com/bot.html)"
66.249.66.201 - - [22/Jan/2026:13:59:58 +0000] "GET /shop/relative/gerodontia7081922025.html HTTP/1.1" 200 27041 "-" "Mozilla/5.0 (Linux; Android 6.0.1; Nexus 5X Build/MMB29P) AppleWebKit/537.36 (KHTML, like Gecko) Chrome/143.0.7499.192 Mobile Safari/537.36 (compatible; Googlebot/2.1; +http://www.google.com/bot.html)"
66.249.66.8 - - [22/Jan/2026:14:00:03 +0000] "GET /?j=eroc91c9plcayyt_gkind14523986 HTTP/1.1" 200 28244 "-" "Mozilla/5.0 (Linux; Android 6.0.1; Nexus 5X Build/MMB29P) AppleWebKit/537.36 (KHTML, like Gecko) Chrome/143.0.7499.192 Mobile Safari/537.36 (compatible; Googlebot/2.1; +http://www.google.com/bot.html)"
66.249.66.70 - - [22/Jan/2026:14:00:15 +0000] "GET /?j=e4v1swjz8gjt5t0 HTTP/1.1" 404 36020 "-" "Mozilla/5.0 (Linux; Android 6.0.1; Nexus 5X Build/MMB29P) AppleWebKit/537.36 (KHTML, like Gecko) Chrome/143.0.7499.192 Mobile Safari/537.36 (compatible; GoogleOther)"
66.249.66.201 - - [22/Jan/2026:14:00:20 +0000] "GET /?j=eroc91c9plcayyt_gkind14523998 HTTP/1.1" 200 28355 "-" "Mozilla/5.0 (Linux; Android 6.0.1; Nexus 5X Build/MMB29P) AppleWebKit/537.36 (KHTML, like Gecko) Chrome/143.0.7499.192 Mobile Safari/537.36 (compatible; Googlebot/2.1; +http://www.google.com/bot.html)"
66.249.66.43 - - [22/Jan/2026:14:00:34 +0000] "GET /?j=fy7b48vbk2zlcxg_gkind14523998 HTTP/1.1" 404 36018 "-" "Mozilla/5.0 (Linux; Android 6.0.1; Nexus 5X Build/MMB29P) AppleWebKit/537.36 (KHTML, like Gecko) Chrome/143.0.7499.192 Mobile Safari/537.36 (compatible; GoogleOther)"
66.249.66.161 - - [22/Jan/2026:14:00:44 +0000] "GET /?j=eroc91c9plcayyt_gkind14524002 HTTP/1.1" 200 28520 "-" "Mozilla/5.0 (Linux; Android 6.0.1; Nexus 5X Build/MMB29P) AppleWebKit/537.36 (KHTML, like Gecko) Chrome/143.0.7499.192 Mobile Safari/537.36 (compatible; Googlebot/2.1; +http://www.google.com/bot.html)"
66.249.66.162 - - [22/Jan/2026:14:00:55 +0000] "GET /shop/cornflour/adequately3824056356.html HTTP/1.1" 200 27448 "-" "Mozilla/5.0 (Linux; Android 6.0.1; Nexus 5X Build/MMB29P) AppleWebKit/537.36 (KHTML, like Gecko) Chrome/143.0.7499.192 Mobile Safari/537.36 (compatible; Googlebot/2.1; +http://www.google.com/bot.html)"
66.249.66.45 - - [22/Jan/2026:14:01:01 +0000] "GET /?j=f2hhq65b6vxvzje HTTP/1.1" 404 36018 "-" "Mozilla/5.0 (Linux; Android 6.0.1; Nexus 5X Build/MMB29P) AppleWebKit/537.36 (KHTML, like Gecko) Chrome/143.0.7499.192 Mobile Safari/537.36 (compatible; GoogleOther)"
66.249.66.8 - - [22/Jan/2026:14:01:10 +0000] "GET /?j=e2yfvzmybjmwnw3 HTTP/1.1" 200 26660 "-" "Mozilla/5.0 (Linux; Android 6.0.1; Nexus 5X Build/MMB29P) AppleWebKit/537.36 (KHTML, like Gecko) Chrome/143.0.7499.192 Mobile Safari/537.36 (compatible; Googlebot/2.1; +http://www.google.com/bot.html)"
66.249.66.201 - - [22/Jan/2026:14:01:10 +0000] "GET /?j=e6z98on4o8n9al4_gkind14524002 HTTP/1.1" 404 36018 "-" "Mozilla/5.0 (Linux; Android 6.0.1; Nexus 5X Build/MMB29P) AppleWebKit/537.36 (KHTML, like Gecko) Chrome/143.0.7499.192 Mobile Safari/537.36 (compatible; GoogleOther)"
66.249.66.43 - - [22/Jan/2026:14:01:13 +0000] "GET /shop/illoricata/dundrearies88741170318.html HTTP/1.1" 200 26113 "-" "Mozilla/5.0 (Linux; Android 6.0.1; Nexus 5X Build/MMB29P) AppleWebKit/537.36 (KHTML, like Gecko) Chrome/143.0.7499.192 Mobile Safari/537.36 (compatible; Googlebot/2.1; +http://www.google.com/bot.html)"
66.249.66.201 - - [22/Jan/2026:14:00:43 +0000] "GET /?j=f17s48vbkvzlfxg_gkind14524006 HTTP/1.1" 404 36020 "-" "Mozilla/5.0 (Linux; Android 6.0.1; Nexus 5X Build/MMB29P) AppleWebKit/537.36 (KHTML, like Gecko) Chrome/143.0.7499.192 Mobile Safari/537.36 (compatible; GoogleOther)"
66.249.66.43 - - [22/Jan/2026:14:00:52 +0000] "GET /?j=edrzc4f3sofdb1w HTTP/1.1" 404 36018 "-" "Mozilla/5.0 (Linux; Android 6.0.1; Nexus 5X Build/MMB29P) AppleWebKit/537.36 (KHTML, like Gecko) Chrome/143.0.7499.192 Mobile Safari/537.36 (compatible; GoogleOther)"
66.249.66.202 - - [22/Jan/2026:14:00:55 +0000] "GET /?j=eroc91c9plcayyt_gkind14524010 HTTP/1.1" 200 28181 "-" "Mozilla/5.0 (Linux; Android 6.0.1; Nexus 5X Build/MMB29P) AppleWebKit/537.36 (KHTML, like Gecko) Chrome/143.0.7499.192 Mobile Safari/537.36 (compatible; Googlebot/2.1; +http://www.google.com/bot.html)"
66.249.66.9 - - [22/Jan/2026:14:01:01 +0000] "GET /?j=eroc91c9plcayyt_gkind14524014 HTTP/1.1" 200 28336 "-" "Mozilla/5.0 (Linux; Android 6.0.1; Nexus 5X Build/MMB29P) AppleWebKit/537.36 (KHTML, like Gecko) Chrome/143.0.7499.192 Mobile Safari/537.36 (compatible; Googlebot/2.1; +http://www.google.com/bot.html)"
66.249.66.43 - - [22/Jan/2026:14:01:26 +0000] "GET /?j=fxoc91cbp1s2a29 HTTP/1.1" 200 26095 "-" "Mozilla/5.0 (Linux; Android 6.0.1; Nexus 5X Build/MMB29P) AppleWebKit/537.36 (KHTML, like Gecko) Chrome/143.0.7499.192 Mobile Safari/537.36 (compatible; Googlebot/2.1; +http://www.google.com/bot.html)"
66.249.66.201 - - [22/Jan/2026:14:01:29 +0000] "GET /?j=ewngwcb1cwbxr9s_gkind14523982 HTTP/1.1" 404 36018 "-" "Mozilla/5.0 (Linux; Android 6.0.1; Nexus 5X Build/MMB29P) AppleWebKit/537.36 (KHTML, like Gecko) Chrome/143.0.7499.192 Mobile Safari/537.36 (compatible; GoogleOther)"
66.249.66.43 - - [22/Jan/2026:14:01:36 +0000] "GET /?j=es23brq9rbqcao7 HTTP/1.1" 200 26696 "-" "Mozilla/5.0 (Linux; Android 6.0.1; Nexus 5X Build/MMB29P) AppleWebKit/537.36 (KHTML, like Gecko) Chrome/143.0.7499.192 Mobile Safari/537.36 (compatible; Googlebot/2.1; +http://www.google.com/bot.html)"
66.249.66.8 - - [22/Jan/2026:14:01:42 +0000] "GET /?j=ez4z15s0hps2129 HTTP/1.1" 200 28157 "-" "Mozilla/5.0 (Linux; Android 6.0.1; Nexus 5X Build/MMB29P) AppleWebKit/537.36 (KHTML, like Gecko) Chrome/143.0.7499.192 Mobile Safari/537.36 (compatible; Googlebot/2.1; +http://www.google.com/bot.html)"
66.249.66.161 - - [22/Jan/2026:14:01:51 +0000] "GET /?j=e08ihxw4xhwivud HTTP/1.1" 200 28926 "-" "Mozilla/5.0 (Linux; Android 6.0.1; Nexus 5X Build/MMB29P) AppleWebKit/537.36 (KHTML, like Gecko) Chrome/143.0.7499.192 Mobile Safari/537.36 (compatible; Googlebot/2.1; +http://www.google.com/bot.html)"
66.249.66.9 - - [22/Jan/2026:14:02:01 +0000] "GET /?j=ebduae1yqy1bkbi HTTP/1.1" 200 26774 "-" "Mozilla/5.0 (Linux; Android 6.0.1; Nexus 5X Build/MMB29P) AppleWebKit/537.36 (KHTML, like Gecko) Chrome/143.0.7499.192 Mobile Safari/537.36 (compatible; Googlebot/2.1; +http://www.google.com/bot.html)"
66.249.66.201 - - [22/Jan/2026:14:02:20 +0000] "GET /?j=evjdgk71w47h1ho HTTP/1.1" 200 27089 "-" "Mozilla/5.0 (Linux; Android 6.0.1; Nexus 5X Build/MMB29P) AppleWebKit/537.36 (KHTML, like Gecko) Chrome/143.0.7499.192 Mobile Safari/537.36 (compatible; Googlebot/2.1; +http://www.google.com/bot.html)"
66.249.66.70 - - [22/Jan/2026:14:02:28 +0000] "GET /?j=fh5ieutbueljk72 HTTP/1.1" 200 27132 "-" "Mozilla/5.0 (Linux; Android 6.0.1; Nexus 5X Build/MMB29P) AppleWebKit/537.36 (KHTML, like Gecko) Chrome/143.0.7499.192 Mobile Safari/537.36 (compatible; Googlebot/2.1; +http://www.google.com/bot.html)"
66.249.66.70 - - [22/Jan/2026:14:02:36 +0000] "GET /shop/biscuitlike/dreams70819238299.html HTTP/1.1" 200 26956 "-" "Mozilla/5.0 (Linux; Android 6.0.1; Nexus 5X Build/MMB29P) AppleWebKit/537.36 (KHTML, like Gecko) Chrome/143.0.7499.192 Mobile Safari/537.36 (compatible; Googlebot/2.1; +http://www.google.com/bot.html)"
66.249.66.70 - - [22/Jan/2026:14:02:36 +0000] "GET /?j=ev39ogr040rp8d8_gkind14523994 HTTP/1.1" 200 26009 "-" "Mozilla/5.0 (Linux; Android 6.0.1; Nexus 5X Build/MMB29P) AppleWebKit/537.36 (KHTML, like Gecko) Chrome/143.0.7499.192 Mobile Safari/537.36 (compatible; Googlebot/2.1; +http://www.google.com/bot.html)"
66.249.66.71 - - [22/Jan/2026:14:02:43 +0000] "GET /?j=eg94umxwa6xvgje HTTP/1.1" 404 36018 "-" "Mozilla/5.0 (Linux; Android 6.0.1; Nexus 5X Build/MMB29P) AppleWebKit/537.36 (KHTML, like Gecko) Chrome/143.0.7499.192 Mobile Safari/537.36 (compatible; GoogleOther)"
66.249.66.162 - - [22/Jan/2026:14:02:44 +0000] "GET /?j=ev39ogr040rp8d8_gkind14523990 HTTP/1.1" 200 26040 "-" "Mozilla/5.0 (Linux; Android 6.0.1; Nexus 5X Build/MMB29P) AppleWebKit/537.36 (KHTML, like Gecko) Chrome/143.0.7499.192 Mobile Safari/537.36 (compatible; Googlebot/2.1; +http://www.google.com/bot.html)"
66.249.66.8 - - [22/Jan/2026:14:02:53 +0000] "GET /?j=ek3uogri40rpod8_gkind14524002 HTTP/1.1" 404 36020 "-" "Mozilla/5.0 (Linux; Android 6.0.1; Nexus 5X Build/MMB29P) AppleWebKit/537.36 (KHTML, like Gecko) Chrome/143.0.7499.192 Mobile Safari/537.36 (compatible; GoogleOther)"
66.249.66.43 - - [22/Jan/2026:14:01:19 +0000] "GET /?j=ehuxf7ixvrig04z HTTP/1.1" 200 27759 "-" "Mozilla/5.0 (Linux; Android 6.0.1; Nexus 5X Build/MMB29P) AppleWebKit/537.36 (KHTML, like Gecko) Chrome/143.0.7499.192 Mobile Safari/537.36 (compatible; Googlebot/2.1; +http://www.google.com/bot.html)"
66.249.66.70 - - [22/Jan/2026:14:01:20 +0000] "GET /?j=et7x48v8ksv505c_gkind14523982 HTTP/1.1" 404 36018 "-" "Mozilla/5.0 (Linux; Android 6.0.1; Nexus 5X Build/MMB29P) AppleWebKit/537.36 (KHTML, like Gecko) Chrome/143.0.7499.192 Mobile Safari/537.36 (compatible; GoogleOther)"
66.249.66.161 - - [22/Jan/2026:14:01:21 +0000] "GET /shop/cantalever/expolish2307059404.html HTTP/1.1" 200 28086 "-" "Mozilla/5.0 (Linux; Android 6.0.1; Nexus 5X Build/MMB29P) AppleWebKit/537.36 (KHTML, like Gecko) Chrome/143.0.7499.192 Mobile Safari/537.36 (compatible; Googlebot/2.1; +http://www.google.com/bot.html)"
66.249.66.162 - - [22/Jan/2026:14:01:47 +0000] "GET /?j=ed6grjuo73usngb_gkind14524010 HTTP/1.1" 404 36020 "-" "Mozilla/5.0 (Linux; Android 6.0.1; Nexus 5X Build/MMB29P) AppleWebKit/537.36 (KHTML, like Gecko) Chrome/143.0.7499.192 Mobile Safari/537.36 (compatible; GoogleOther)"
66.249.66.44 - - [22/Jan/2026:14:01:57 +0000] "GET /?j=eroc91c9plcayyt_gkind14524002 HTTP/1.1" 404 36020 "-" "Mozilla/5.0 (Linux; Android 6.0.1; Nexus 5X Build/MMB29P) AppleWebKit/537.36 (KHTML, like Gecko) Chrome/143.0.7499.192 Mobile Safari/537.36 (compatible; GoogleOther)"
66.249.66.70 - - [22/Jan/2026:14:02:06 +0000] "GET /?j=f0pwmqdb2lh3hfy_gkind14523982 HTTP/1.1" 404 36020 "-" "Mozilla/5.0 (Linux; Android 6.0.1; Nexus 5X Build/MMB29P) AppleWebKit/537.36 (KHTML, like Gecko) Chrome/143.0.7499.192 Mobile Safari/537.36 (compatible; GoogleOther)"
66.249.66.43 - - [22/Jan/2026:14:02:08 +0000] "GET /?j=fssaptgb5gk6ri1 HTTP/1.1" 200 26401 "-" "Mozilla/5.0 (Linux; Android 6.0.1; Nexus 5X Build/MMB29P) AppleWebKit/537.36 (KHTML, like Gecko) Chrome/143.0.7499.192 Mobile Safari/537.36 (compatible; Googlebot/2.1; +http://www.google.com/bot.html)"
66.249.66.7 - - [22/Jan/2026:14:02:16 +0000] "GET /?j=e11sy2plempzfz6_gkind14524010 HTTP/1.1" 404 36018 "-" "Mozilla/5.0 (Linux; Android 6.0.1; Nexus 5X Build/MMB29P) AppleWebKit/537.36 (KHTML, like Gecko) Chrome/143.0.7499.192 Mobile Safari/537.36 (compatible; GoogleOther)"
66.249.66.201 - - [22/Jan/2026:14:02:24 +0000] "GET /?j=frrec4fbsjv5j5c HTTP/1.1" 404 36020 "-" "Mozilla/5.0 (Linux; Android 6.0.1; Nexus 5X Build/MMB29P) AppleWebKit/537.36 (KHTML, like Gecko) Chrome/143.0.7499.192 Mobile Safari/537.36 (compatible; GoogleOther)"
66.249.66.201 - - [22/Jan/2026:14:02:33 +0000] "GET /?j=fepdmqdb2jh3jfy HTTP/1.1" 200 27333 "-" "Mozilla/5.0 (Linux; Android 6.0.1; Nexus 5X Build/MMB29P) AppleWebKit/537.36 (KHTML, like Gecko) Chrome/143.0.7499.192 Mobile Safari/537.36 (compatible; Googlebot/2.1; +http://www.google.com/bot.html)"
66.249.66.7 - - [22/Jan/2026:14:02:34 +0000] "GET /?j=fck0t98b9b0yumh HTTP/1.1" 404 36018 "-" "Mozilla/5.0 (Linux; Android 6.0.1; Nexus 5X Build/MMB29P) AppleWebKit/537.36 (KHTML, like Gecko) Chrome/143.0.7499.192 Mobile Safari/537.36 (compatible; GoogleOther)"
66.249.66.8 - - [22/Jan/2026:14:02:48 +0000] "GET /?j=ev39ogr040rp8d8_gkind14524022 HTTP/1.1" 200 25991 "-" "Mozilla/5.0 (Linux; Android 6.0.1; Nexus 5X Build/MMB29P) AppleWebKit/537.36 (KHTML, like Gecko) Chrome/143.0.7499.192 Mobile Safari/537.36 (compatible; Googlebot/2.1; +http://www.google.com/bot.html)"
